--
-- Host: localhost    Database: flyby-camaleon
-- ------------------------------------------------------


--
-- Table structure for table `cama_comments`
--

CREATE TABLE `cama_comments` (
  `id` int(11) NOT NULL AUTO_INCREMENT,
  `author` varchar(255) COLLATE utf8_unicode_ci DEFAULT NULL,
  `author_email` varchar(255) COLLATE utf8_unicode_ci DEFAULT NULL,
  `author_url` varchar(255) COLLATE utf8_unicode_ci DEFAULT NULL,
  `author_IP` varchar(255) COLLATE utf8_unicode_ci DEFAULT NULL,
  `content` text COLLATE utf8_unicode_ci,
  `approved` varchar(255) COLLATE utf8_unicode_ci DEFAULT 'pending',
  `agent` varchar(255) COLLATE utf8_unicode_ci DEFAULT NULL,
  `typee` varchar(255) COLLATE utf8_unicode_ci DEFAULT NULL,
  `comment_parent` int(11) DEFAULT NULL,
  `post_id` int(11) DEFAULT NULL,
  `user_id` int(11) DEFAULT NULL,
  `created_at` datetime NOT NULL,
  `updated_at` datetime NOT NULL,
  PRIMARY KEY (`id`),
  KEY `index_cama_comments_on_approved` (`approved`),
  KEY `index_cama_comments_on_comment_parent` (`comment_parent`),
  KEY `index_cama_comments_on_post_id` (`post_id`),
  KEY `index_cama_comments_on_user_id` (`user_id`)
) ENGINE=InnoDB AUTO_INCREMENT=2 DEFAULT CHARSET=utf8 COLLATE=utf8_unicode_ci;

--
-- Dumping data for table `cama_comments`
--

INSERT INTO `cama_comments` VALUES (1,'Admin','admin@local.com','','182.74.122.106','Test','pending','Mozilla/5.0 (X11; Linux i686) AppleWebKit/537.36 (KHTML, like Gecko) Chrome/46.0.2490.80 Safari/537.36',NULL,NULL,40,1,'2015-12-18 16:47:07','2015-12-18 16:47:07');

--
-- Table structure for table `cama_custom_fields`
--

CREATE TABLE `cama_custom_fields` (
  `id` int(11) NOT NULL AUTO_INCREMENT,
  `object_class` varchar(255) COLLATE utf8_unicode_ci DEFAULT NULL,
  `name` varchar(255) COLLATE utf8_unicode_ci DEFAULT NULL,
  `slug` varchar(255) COLLATE utf8_unicode_ci DEFAULT NULL,
  `objectid` int(11) DEFAULT NULL,
  `parent_id` int(11) DEFAULT NULL,
  `field_order` int(11) DEFAULT NULL,
  `count` int(11) DEFAULT '0',
  `is_repeat` tinyint(1) DEFAULT '0',
  `description` text COLLATE utf8_unicode_ci,
  `status` varchar(255) COLLATE utf8_unicode_ci DEFAULT NULL,
  PRIMARY KEY (`id`),
  KEY `index_cama_custom_fields_on_object_class` (`object_class`),
  KEY `index_cama_custom_fields_on_slug` (`slug`),
  KEY `index_cama_custom_fields_on_objectid` (`objectid`),
  KEY `index_cama_custom_fields_on_parent_id` (`parent_id`)
) ENGINE=InnoDB AUTO_INCREMENT=126 DEFAULT CHARSET=utf8 COLLATE=utf8_unicode_ci;

--
-- Dumping data for table `cama_custom_fields`
--

INSERT INTO `cama_custom_fields` VALUES (97,'PostType_Post','Products Details','plugin_ecommerce_product_data',147,1,NULL,0,0,NULL,NULL),(98,'_fields','t(\'plugin.ecommerce.product.sku\')','ecommerce_sku',NULL,97,NULL,0,0,NULL,NULL),(99,'_fields','t(\'plugin.ecommerce.product.attrs\')','ecommerce_attrs',NULL,97,NULL,0,0,NULL,NULL),(100,'_fields','t(\'plugin.ecommerce.product.photos\')','ecommerce_photos',NULL,97,NULL,0,0,NULL,NULL),(101,'_fields','t(\'plugin.ecommerce.product.price\')','ecommerce_price',NULL,97,NULL,0,0,'eval(\'\"Current unit: \" + h.current_site.current_unit.to_s\')',NULL),(102,'_fields','t(\'plugin.ecommerce.product.tax\')','ecommerce_tax',NULL,97,NULL,0,0,NULL,NULL),(103,'_fields','t(\'plugin.ecommerce.product.weight\')','ecommerce_weight',NULL,97,NULL,0,0,'eval(\'\"Current weight: \" + h.current_site.current_weight.to_s\')',NULL),(104,'_fields','t(\'plugin.ecommerce.product.stock\')','ecommerce_stock',NULL,97,NULL,0,0,NULL,NULL),(105,'_fields','t(\'plugin.ecommerce.product.qty\')','ecommerce_qty',NULL,97,NULL,0,0,NULL,NULL),(106,'_fields','t(\'plugin.ecommerce.product.featured\')','ecommerce_featured',NULL,97,NULL,0,0,NULL,NULL),(115,'Theme','Footer','footer',141,1,NULL,0,0,NULL,NULL),(116,'_fields','Footer Menu','footer_menu',NULL,115,NULL,0,0,NULL,NULL),(117,'_fields','Footer Social Links','footer_social_links',NULL,115,NULL,0,0,NULL,NULL);

--
-- Table structure for table `cama_custom_fields_relationships`
--

CREATE TABLE `cama_custom_fields_relationships` (
  `id` int(11) NOT NULL AUTO_INCREMENT,
  `objectid` int(11) DEFAULT NULL,
  `custom_field_id` int(11) DEFAULT NULL,
  `term_order` int(11) DEFAULT NULL,
  `object_class` varchar(255) DEFAULT NULL,
  `value` longtext,
  `custom_field_slug` varchar(255) DEFAULT NULL,
  PRIMARY KEY (`id`),
  KEY `index_cama_custom_fields_relationships_on_objectid` (`objectid`),
  KEY `index_cama_custom_fields_relationships_on_custom_field_id` (`custom_field_id`),
  KEY `index_cama_custom_fields_relationships_on_object_class` (`object_class`),
  KEY `index_cama_custom_fields_relationships_on_custom_field_slug` (`custom_field_slug`)
) ENGINE=InnoDB AUTO_INCREMENT=217 DEFAULT CHARSET=utf8;

--
-- Dumping data for table `cama_custom_fields_relationships`
--

INSERT INTO `cama_custom_fields_relationships` VALUES (56,16,99,0,'Post','{\"attr\":\"Quantity\",\"value\":\"1\"}','ecommerce_attrs'),(58,16,101,0,'Post','2','ecommerce_price'),(59,16,103,0,'Post','0.2','ecommerce_weight'),(60,16,104,0,'Post','1','ecommerce_stock'),(61,16,105,0,'Post','291','ecommerce_qty'),(73,16,100,0,'Post','http://flyby-camaleon.gotti.co/media/1/bigpill.png','ecommerce_photos'),(90,16,98,0,'Post','Flyby two tablet packet','ecommerce_sku'),(125,16,100,1,'Post','http://flyby-camaleon.gotti.co/media/1/bigpill1.png','ecommerce_photos'),(126,16,100,2,'Post','http://flyby-camaleon.gotti.co/media/1/bigpill2.png','ecommerce_photos'),(127,16,100,3,'Post','http://flyby-camaleon.gotti.co/media/1/bigpill3.png','ecommerce_photos'),(129,57,98,0,'Post','Flyby two tablet packet','ecommerce_sku'),(130,57,99,0,'Post','{\"attr\":\"\",\"value\":\"\"}','ecommerce_attrs'),(131,57,100,0,'Post','','ecommerce_photos'),(132,57,101,0,'Post','2.99','ecommerce_price'),(133,57,103,0,'Post','0.05','ecommerce_weight'),(134,57,105,0,'Post','200','ecommerce_qty'),(160,64,98,0,'Post','Flyby two tablet packet','ecommerce_sku'),(161,64,99,0,'Post','{\"attr\":\"\",\"value\":\"\"}','ecommerce_attrs'),(162,64,100,0,'Post','','ecommerce_photos'),(163,64,101,0,'Post','2.99','ecommerce_price'),(164,64,103,0,'Post','0.05','ecommerce_weight'),(165,64,105,0,'Post','200','ecommerce_qty'),(200,141,116,0,'Theme','<div style=\"background-color: #f6f6f6;\" class=\"row\">\r\n<div class=\"col-md-12 col-sm-12 col-xs-12 column\">\r\n<div class=\"ge-content ge-content-type-tinymce\" data-ge-content-type=\"tinymce\">\r\n<p style=\"text-align: center;\"><span style=\"font-size: 10pt; color: #808080;\"></span></p>\r\n<p style=\"text-align: center;\"><span style=\"font-size: 10pt; color: #808080;\"></span></p>\r\n<p style=\"text-align: center;\"><span style=\"color: #808080; font-family: arial,helvetica,sans-serif; font-size: 10pt;\"><strong><a href=\"http://flyby-camaleon.gotti.co/group/147-products\" style=\"color: #808080;\">PRODUCTS</a> &nbsp; &nbsp; <a href=\"http://flyby-camaleon.gotti.co/how-it-works\" style=\"color: #808080;\">HOW IT WORKS</a> &nbsp; &nbsp; <a href=\"http://flyby-camaleon.gotti.co/about\" style=\"color: #808080;\">OUR STORY</a> &nbsp; &nbsp; <a href=\"http://flyby-camaleon.gotti.co/guarantee\" style=\"color: #808080;\">GUARANTEE</a> &nbsp; &nbsp; <a href=\"http://flyby-camaleon.gotti.co/testimonials\" style=\"color: #808080;\">TESTIMONIALS</a> &nbsp; &nbsp; <a href=\"http://flyby-camaleon.gotti.co/group/2-blog\" style=\"color: #808080;\">BLOG</a> &nbsp; &nbsp;<a href=\"http://flyby-camaleon.gotti.co/plugins/ecommerce/checkout/cart\" style=\"color: #808080;\">SHOP</a></strong></span></p>\r\n<p style=\"text-align: center;\"><span style=\"font-size: 10pt; color: #808080; font-family: arial,helvetica,sans-serif;\"><strong><a href=\"http://flyby-camaleon.gotti.co/store-locator\" style=\"color: #808080;\">STORE LOCATOR</a> &nbsp; &nbsp; <a href=\"http://flyby-camaleon.gotti.co/privacy-policy\" style=\"color: #808080;\">PRIVACY POLICY</a> &nbsp; &nbsp;<a href=\"http://flyby-camaleon.gotti.co/terms-of-use\" style=\"color: #808080;\">TERMS OF USE</a></strong></span></p>\r\n<p style=\"text-align: center;\"></p>\r\n</div>\r\n</div>\r\n</div>','footer_menu'),(216,141,117,0,'Theme','<div style=\"background-color: #f7f7f7;\" class=\"row\">\r\n<div class=\"col-md-12 col-sm-12 col-xs-12 column\">\r\n<div class=\"ge-content ge-content-type-tinymce\" data-ge-content-type=\"tinymce\">\r\n<p style=\"text-align: center;\"><a href=\"http://www.facebook.com\"></a></p>\r\n<p style=\"text-align: center;\"><a href=\"http://www.facebook.com\" target=\"_blank\"><img src=\"http://flyby-camaleon.gotti.co/media/1/fb.png\" alt=\"\" height=\"31\" width=\"35\"></a>&nbsp;<a href=\"http://www.youtube.com\" target=\"_blank\"><img src=\"http://flyby-camaleon.gotti.co/media/1/yt.png\" alt=\"\" height=\"31\" width=\"34\"></a>&nbsp;<a href=\"#\"><img src=\"http://flyby-camaleon.gotti.co/media/1/rss.png\" alt=\"\" height=\"31\" width=\"35\"></a>&nbsp;<a href=\"http://www.twitter.com\" target=\"_blank\"><img src=\"http://flyby-camaleon.gotti.co/media/1/tweeter.png\" alt=\"\" height=\"31\" width=\"35\"></a>&nbsp;<a href=\"http://www.instagram.com\" target=\"_blank\"><img src=\"http://flyby-camaleon.gotti.co/media/1/insta.png\" alt=\"\" height=\"31\" width=\"34\"></a></p>\r\n<p style=\"margin-bottom: 0cm; line-height: 100%; text-align: center;\"><span style=\"font-size: 10pt; font-family: arial,helvetica,sans-serif; color: #808080;\"><font face=\"Helvetica, serif\">Flyby creates products that allow you to consume alcohol and wake up the next morning without the symptoms of a hangover.</font></span></p>\r\n<p style=\"text-align: center;\"><span style=\"font-family: arial,helvetica,sans-serif; font-size: 10pt; color: #808080;\">The statements on this website have not been evaluated by the Food and Drug&nbsp;Administration (FDA). These products are not intended to diagnose, treat, cure or&nbsp;prevent any disease.</span></p>\r\n</div>\r\n</div>\r\n</div>','footer_social_links');

--
-- Table structure for table `cama_posts`
--

CREATE TABLE `cama_posts` (
  `id` int(11) NOT NULL AUTO_INCREMENT,
  `title` varchar(255) DEFAULT NULL,
  `slug` varchar(255) DEFAULT NULL,
  `content` longtext,
  `content_filtered` longtext,
  `status` varchar(255) DEFAULT 'published',
  `published_at` datetime DEFAULT NULL,
  `post_parent` int(11) DEFAULT NULL,
  `visibility` varchar(255) DEFAULT 'public',
  `visibility_value` text,
  `post_class` varchar(255) DEFAULT 'Post',
  `created_at` datetime NOT NULL,
  `updated_at` datetime NOT NULL,
  `user_id` int(11) DEFAULT NULL,
  `post_order` int(11) DEFAULT '0',
  `taxonomy_id` int(11) DEFAULT NULL,
  PRIMARY KEY (`id`),
  KEY `index_cama_posts_on_slug` (`slug`),
  KEY `index_cama_posts_on_status` (`status`),
  KEY `index_cama_posts_on_post_parent` (`post_parent`),
  KEY `index_cama_posts_on_post_class` (`post_class`),
  KEY `index_cama_posts_on_user_id` (`user_id`)
) ENGINE=InnoDB AUTO_INCREMENT=84 DEFAULT CHARSET=utf8;

--
-- Dumping data for table `cama_posts`
--

INSERT INTO `cama_posts` VALUES (1,'Sponsoring a music festival in Brooklyn!','sample-post','<div>[grid_editor data=\'\']</div>\r\n<div class=\"panel_grid_body row ui-sortable\">\r\n<div style=\"opacity: 1;\" class=\"col-md-12\" data-col=\"12\" title=\"\" data-col_title=\"100%\">\r\n<div class=\"grid_sortable_items\">\r\n<div class=\"\" data-kind=\"editor\" title=\"\">\r\n<div class=\"grid_item_content grid_item_editor\">\r\n<p><span style=\"font-family: arial,helvetica,sans-serif; font-size: 12pt; color: #808080;\">Lorem ipsum dolor sit amet, consectetur adipiscing elit. Integer pharetra ut augue in posuere. Nulla non malesuada dui. Sed egestas tortor ut purus tempor sodales. Duis non sollicitudin nulla, quis mollis neque. Integer sit amet augue ac neque varius auctor. Vestibulum malesuada leo leo, at semper libero efficitur nec. Etiam semper nisi ac nisi ullamcorper, sed tincidunt purus elementum. Mauris ac congue nibh. Quisque pretium eget leo nec suscipit.</span></p>\r\n<p><span style=\"font-family: arial,helvetica,sans-serif; font-size: 12pt; color: #808080;\">Vestibulum ultrices orci ut congue interdum. Morbi dolor nunc, imperdiet vel risus semper, tempor dapibus urna. Phasellus luctus pharetra enim quis volutpat. Integer tristique urna nec malesuada ullamcorper. Curabitur dictum, lectus id ultrices rhoncus, ante neque auctor erat, ut sodales nisi odio sit amet lorem. In hac habitasse platea dictumst. Quisque orci orci, hendrerit at luctus tristique, lobortis in diam. Curabitur ligula enim, rhoncus ut vestibulum a, consequat sit amet nisi. Aliquam bibendum fringilla ultrices. Aliquam erat volutpat. Vestibulum ante ipsum primis in faucibus orci luctus et ultrices posuere cubilia Curae; In justo mi, congue in rhoncus lobortis, facilisis in est. Nam et rhoncus purus.</span></p>\r\n<p><span style=\"font-family: arial,helvetica,sans-serif; font-size: 12pt; color: #808080;\">Sed sagittis auctor lectus at rutrum. Morbi ultricies felis mi, ut scelerisque augue facilisis eu. In molestie quam ex. Quisque ut sapien sed odio tempus imperdiet. In id accumsan massa. Morbi quis nunc ullamcorper, interdum enim eu, finibus purus. Vestibulum ac fermentum augue, at tempus ante. Aliquam ultrices, purus ut porttitor gravida, dui augue dignissim massa, ac tempor ante dolor at arcu. Pellentesque habitant morbi tristique senectus et netus et malesuada fames ac turpis egestas. Suspendisse placerat risus est, eget varius mi ultricies in. Duis non odio ut felis dapibus eleifend. In fringilla enim lobortis placerat efficitur.</span></p>\r\n<p><span style=\"font-family: arial,helvetica,sans-serif; font-size: 12pt; color: #808080;\">Nulla sodales faucibus urna, quis viverra dolor facilisis sollicitudin. Aenean ac egestas nibh. Nam non tortor eget nibh scelerisque fermentum. Etiam ornare, nunc ut luctus mollis, ante dolor consectetur augue, non scelerisque odio est a nulla. Nullam cursus egestas nulla, nec commodo nibh suscipit ut. Mauris ut felis sem. Aenean at mi at nisi dictum blandit sit amet at erat. Etiam eget lobortis tellus. Curabitur in commodo arcu, at vehicula tortor.</span></p>\r\n</div>\r\n</div>\r\n</div>\r\n</div>\r\n<div style=\"opacity: 1;\" class=\"col-md-8\" data-col=\"8\" title=\"\" data-col_title=\"66%\">\r\n<div class=\"grid_sortable_items\"></div>\r\n</div>\r\n</div>','[grid_editor data=\'\']      Lorem ipsum dolor sit amet, consectetur adipiscing elit. Integer pharetra ut augue in posuere. Nulla non malesuada dui. Sed egestas tortor ut purus tempor sodales. Duis non sollicitudin nulla, quis mollis neque. Integer sit amet augue ac neque varius auctor. Vestibulum malesuada leo leo, at semper libero efficitur nec. Etiam semper nisi ac nisi ullamcorper, sed tincidunt purus elementum. Mauris ac congue nibh. Quisque pretium eget leo nec suscipit. Vestibulum ultrices orci ut congue interdum. Morbi dolor nunc, imperdiet vel risus semper, tempor dapibus urna. Phasellus luctus pharetra enim quis volutpat. Integer tristique urna nec malesuada ullamcorper. Curabitur dictum, lectus id ultrices rhoncus, ante neque auctor erat, ut sodales nisi odio sit amet lorem. In hac habitasse platea dictumst. Quisque orci orci, hendrerit at luctus tristique, lobortis in diam. Curabitur ligula enim, rhoncus ut vestibulum a, consequat sit amet nisi. Aliquam bibendum fringilla ultrices. Aliquam erat volutpat. Vestibulum ante ipsum primis in faucibus orci luctus et ultrices posuere cubilia Curae; In justo mi, congue in rhoncus lobortis, facilisis in est. Nam et rhoncus purus. Sed sagittis auctor lectus at rutrum. Morbi ultricies felis mi, ut scelerisque augue facilisis eu. In molestie quam ex. Quisque ut sapien sed odio tempus imperdiet. In id accumsan massa. Morbi quis nunc ullamcorper, interdum enim eu, finibus purus. Vestibulum ac fermentum augue, at tempus ante. Aliquam ultrices, purus ut porttitor gravida, dui augue dignissim massa, ac tempor ante dolor at arcu. Pellentesque habitant morbi tristique senectus et netus et malesuada fames ac turpis egestas. Suspendisse placerat risus est, eget varius mi ultricies in. Duis non odio ut felis dapibus eleifend. In fringilla enim lobortis placerat efficitur. Nulla sodales faucibus urna, quis viverra dolor facilisis sollicitudin. Aenean ac egestas nibh. Nam non tortor eget nibh scelerisque fermentum. Etiam ornare, nunc ut luctus mollis, ante dolor consectetur augue, non scelerisque odio est a nulla. Nullam cursus egestas nulla, nec commodo nibh suscipit ut. Mauris ut felis sem. Aenean at mi at nisi dictum blandit sit amet at erat. Etiam eget lobortis tellus. Curabitur in commodo arcu, at vehicula tortor.        ','published',NULL,NULL,'public',NULL,'Post','2015-12-04 12:03:45','2016-01-01 23:33:34',1,0,2),(11,'Products','products-1','<p>Products</p>','Products','trash',NULL,NULL,'public',NULL,'Post','2015-12-10 07:21:52','2015-12-10 07:21:52',1,0,7),(16,'Products','product-1','<div>[grid_editor data=\'\']</div>\r\n<div class=\"panel_grid_body row ui-sortable\">\r\n<div class=\"col-md-4\" data-col=\"4\" title=\"\" data-col_title=\"33%\" style=\"opacity: 1;\">\r\n<div class=\"grid_sortable_items\">\r\n<div class=\"\" data-kind=\"editor\" title=\"\" style=\"z-index: auto; opacity: 1;\">\r\n<div class=\"grid_item_content grid_item_editor\">\r\n<p><span style=\"font-family: arial, helvetica, sans-serif; font-size: 10pt; color: #808080;\"><strong>PRODUCT DETAILS</strong></span></p>\r\n</div>\r\n</div>\r\n</div>\r\n</div>\r\n<div class=\"col-md-4\" data-col=\"4\" title=\"\" data-col_title=\"33%\" style=\"opacity: 1;\">\r\n<div class=\"grid_sortable_items\">\r\n<div class=\"\" data-kind=\"editor\" title=\"\" style=\"z-index: auto; opacity: 1;\">\r\n<div class=\"grid_item_content grid_item_editor\">\r\n<p><strong><span style=\"font-family: arial, helvetica, sans-serif; font-size: 10pt; color: #808080;\">FAQ</span></strong></p>\r\n<p><strong><span style=\"font-family: arial, helvetica, sans-serif; font-size: 10pt; color: #808080;\">1. Is Flyby safe?</span></strong></p>\r\n<p><span style=\"font-family: arial, helvetica, sans-serif; font-size: 10pt; color: #808080;\">Absolutely. Flyby consists of all natural ingredients and meets the requirements of the Dietary Health and Supplements Act and the Federal Food, Drug and Cosmetic Act. As long as you take Flyby as instructed it will help you prevent hangover symptoms.</span></p>\r\n<p><strong><span style=\"font-family: arial, helvetica, sans-serif; font-size: 10pt; color: #808080;\">2. How do I use Flyby?</span></strong></p>\r\n<p><span style=\"font-family: arial, helvetica, sans-serif; font-size: 10pt; color: #808080;\">You simply take 1 or 2 tablets(two tablets are recommended for binge drinking) before you start drinking and it start working on preventing your hangover before you wake up.</span></p>\r\n<p><strong><span style=\"font-family: arial, helvetica, sans-serif; font-size: 10pt; color: #808080;\">3. Can I take Flyby while I am drinking?</span></strong></p>\r\n<p><span style=\"font-family: arial, helvetica, sans-serif; font-size: 10pt; color: #808080;\">Yes you can but it is recommended to take it before you consume alcohol so it can start lessening the effects of your hangover earlier.</span></p>\r\n<p><strong><span style=\"font-family: arial, helvetica, sans-serif; font-size: 10pt; color: #808080;\">4. Is Flyby FDA approved?</span></strong></p>\r\n<p><span style=\"font-family: arial, helvetica, sans-serif; font-size: 10pt; color: #808080;\">Flyby is a nutritional supplement and does not require FDA approval and can’t be approved by the FDA. However, all products are manufactured in FDA approved and cGMP certified facilities.</span></p>\r\n<p><strong><span style=\"font-family: arial, helvetica, sans-serif; font-size: 10pt; color: #808080;\">5. Can I take Flyby with multivitamins?</span></strong></p>\r\n<p><span style=\"font-family: arial, helvetica, sans-serif; font-size: 10pt; color: #808080;\">Yes, but every individual is different and so is each multivitamin you’re taking so we suggest you talk to a physician before taking them together.</span></p>\r\n<p><strong><span style=\"font-family: arial, helvetica, sans-serif; font-size: 10pt; color: #808080;\">6. Can I return Flyby if it doesn’t work?</span></strong></p>\r\n<p><span style=\"font-family: arial, helvetica, sans-serif; font-size: 10pt; color: #808080;\">We will guarantee a 100% refund if our product doesn’t work for some reason. All individuals react differently and we understand that. We appreciate feedback on our product if it doesn’t work as we strive to create the best hangover cure for our customers.</span></p>\r\n</div>\r\n</div>\r\n</div>\r\n</div>\r\n<div class=\"col-md-4\" data-col=\"4\" title=\"\" data-col_title=\"33%\" style=\"opacity: 1;\">\r\n<div class=\"grid_sortable_items\">\r\n<div class=\"\" data-kind=\"editor\" title=\"\" style=\"z-index: auto; opacity: 1;\">\r\n<div class=\"grid_item_content grid_item_editor\">\r\n<p><span style=\"font-family: arial, helvetica, sans-serif; font-size: 10pt; color: #808080;\"><strong>DIRECTIONS</strong></span></p>\r\n</div>\r\n</div>\r\n</div>\r\n</div>\r\n</div>','[grid_editor data=\'\']      PRODUCT DETAILS         FAQ 1. Is Flyby safe? Absolutely. Flyby consists of all natural ingredients and meets the requirements of the Dietary Health and Supplements Act and the Federal Food, Drug and Cosmetic Act. As long as you take Flyby as instructed it will help you prevent hangover symptoms. 2. How do I use Flyby? You simply take 1 or 2 tablets(two tablets are recommended for binge drinking) before you start drinking and it start working on preventing your hangover before you wake up. 3. Can I take Flyby while I am drinking? Yes you can but it is recommended to take it before you consume alcohol so it can start lessening the effects of your hangover earlier. 4. Is Flyby FDA approved? Flyby is a nutritional supplement and does not require FDA approval and can’t be approved by the FDA. However, all products are manufactured in FDA approved and cGMP certified facilities. 5. Can I take Flyby with multivitamins? Yes, but every individual is different and so is each multivitamin you’re taking so we suggest you talk to a physician before taking them together. 6. Can I return Flyby if it doesn’t work? We will guarantee a 100% refund if our product doesn’t work for some reason. All individuals react differently and we understand that. We appreciate feedback on our product if it doesn’t work as we strive to create the best hangover cure for our customers.         DIRECTIONS     ','published',NULL,NULL,'public',NULL,'Post','2015-12-11 14:54:03','2016-01-04 10:12:30',1,0,147),(20,'About','about','<div>[grid_editor data=\'\']</div>\r\n<div class=\"panel_grid_body row ui-sortable\">\r\n<div class=\"col-md-2\" data-col=\"2\" title=\"\" data-col_title=\"16%\" style=\"opacity: 1;\">\r\n<div class=\"grid_sortable_items\"></div>\r\n</div>\r\n<div class=\"col-md-8\" data-col=\"8\" title=\"\" data-col_title=\"66%\" style=\"opacity: 1;\">\r\n<div class=\"grid_sortable_items\">\r\n<div class=\"\" data-kind=\"editor\" title=\"\" style=\"z-index: auto; opacity: 1;\">\r\n<div class=\"grid_item_content grid_item_editor\">\r\n<p><span style=\"font-family: arial, helvetica, sans-serif; font-size: 36pt; color: #333333;\"><strong>About</strong></span></p>\r\n<p style=\"text-align: center;\"><span style=\"font-family: arial, helvetica, sans-serif; font-size: 12pt; color: #333333;\"></span></p>\r\n<p style=\"text-align: center;\"><span style=\"font-family: arial, helvetica, sans-serif; font-size: 12pt; color: #333333;\"><img src=\"http://flyby-camaleon.gotti.co/media/1/bigpill3.png\" alt=\"\" width=\"252\" height=\"338\"></span></p>\r\n<p style=\"text-align: center;\"><span style=\"font-size: 14pt;\"><strong><span style=\"font-family: arial, helvetica, sans-serif; color: #333333;\">About</span></strong></span></p>\r\n<p style=\"text-align: center;\"><span style=\"font-family: arial, helvetica, sans-serif; font-size: 10pt; color: #808080;\">FlyBy Ventures began with a single mission – to eliminate alcohol’s greatest enemy, the hangover. Drinking, for both business and pleasure, will always be an integral part of society. Hangovers, on the other hand, do not. By eliminating hangovers, the Flyby team strives to allow you, the consumer, to regain control of those otherwise lost hours and even days, enabling you to continue living life to the fullest. Through a host of studies, trials, and iterations that spanned over the course of a year, the team has created Flyby, a remedy to tackle hangovers. Our patent pending formula is composed of mostly all natural ingredients that target major biochemical reactions to alcohol.</span></p>\r\n<p style=\"text-align: center;\"><span style=\"font-family: arial, helvetica, sans-serif; font-size: 10pt; color: #808080;\">Our ingredients target several effects of alcohol, including but not limited to, the reduction of acetaldehyde, the depletion of vitamin B and the depletion of glutathione, our formula anticipates and helps prevent leading causes of hangovers. With FLYBY, you can now have a good night and a good morning.</span></p>\r\n<p style=\"text-align: center;\"><span style=\"font-family: arial, helvetica, sans-serif; font-size: 14pt; color: #333333;\"><strong><span style=\"font-family: arial, helvetica, sans-serif; color: #333333;\">Our Story</span></strong></span></p>\r\n<p style=\"text-align: center;\"><span style=\"font-family: arial, helvetica, sans-serif; font-size: 10pt; color: #333333;\"></span><span style=\"font-family: arial, helvetica, sans-serif; font-size: 14pt;\"></span><span style=\"font-family: arial, helvetica, sans-serif; color: #808080; font-size: 10pt;\">FlyBy was created with a lofty objective: to provide an all natural hangover cure at consumer friendly prices. I conceived the idea of FlyBy when I was about to graduate from college. I wondered to myself, we\'ve been able to fly to the moon, discover fire, create the internet but I was amazed that there was still no hangover cure. When I was in college, I remember my fellow classmates getting excruciating hangovers to the point where they couldn\'t get out of bed until sundown. I started FlyBy to provide that breakthrough product which would make Sunday mornings a little easier to handle.</span></p>\r\n<p style=\"text-align: center;\"><span style=\"font-family: arial, helvetica, sans-serif; color: #808080; font-size: 10pt;\">So one day after graduating from college, I was in my room weighing a bunch of ingredients on a scale that would go into FLYBY. (I don\'t recommend this) Now imagine my mom coming into the room and seeing her son with a scale, white powder everywhere and Ziploc bags. The outcome wasn\'t pleasant but I was able to convince her I was creating a revolutionary product.</span></p>\r\n<p style=\"text-align: center;\"><span style=\"font-family: arial, helvetica, sans-serif; color: #808080; font-size: 10pt;\">By conducting intensive research and testing processes, I was able to create the unique formula behind FLYBY. Drinking should be fun without the fear of a hangover the next day.</span></p>\r\n</div>\r\n</div>\r\n</div>\r\n</div>\r\n<div class=\"col-md-2\" data-col=\"2\" title=\"\" data-col_title=\"16%\" style=\"opacity: 1;\">\r\n<div class=\"grid_sortable_items\"></div>\r\n</div>\r\n<div class=\"clearfix col-md-12\" title=\"\" data-col_title=\"Break Line\" data-col=\"12\" style=\"opacity: 1;\"></div>\r\n<div class=\"col-md-12\" data-col=\"12\" title=\"\" data-col_title=\"100%\" data-style=\"{&quot;b-r&quot;:&quot;no-repeat&quot;,&quot;b-c&quot;:&quot;rgba(245,245,245,1)&quot;}\" style=\"background-color: #f5f5f5; background-repeat: no-repeat;\">\r\n<div class=\"grid_sortable_items\">\r\n<div class=\"\" data-kind=\"editor\" title=\"\" style=\"z-index: auto; opacity: 1;\">\r\n<div class=\"grid_item_content grid_item_editor\">\r\n<div>[grid_editor data=\'\']</div>\r\n<div class=\"panel_grid_body row ui-sortable\">\r\n<div class=\"col-md-2\" data-col=\"2\" title=\"\" data-col_title=\"16%\" style=\"opacity: 1;\">\r\n<div class=\"grid_sortable_items\"></div>\r\n</div>\r\n<div class=\"col-md-8\" data-col=\"8\" title=\"\" data-col_title=\"66%\" style=\"opacity: 1;\">\r\n<div class=\"grid_sortable_items\">\r\n<div class=\"\" data-kind=\"editor\" title=\"\" style=\"z-index: auto; opacity: 1;\">\r\n<div class=\"grid_item_content grid_item_editor\">\r\n<p style=\"text-align: center;\"></p>\r\n<p style=\"text-align: center;\"><span style=\"font-family: arial, helvetica, sans-serif; font-size: 14pt; color: #333333;\"><strong>Founder</strong></span></p>\r\n<p style=\"text-align: center;\"><img src=\"http://flyby-camaleon.gotti.co/media/1/founder-pic.png\" alt=\"\" width=\"351\" height=\"363\"></p>\r\n<p style=\"text-align: center;\"></p>\r\n<p style=\"text-align: center;\"><span style=\"color: #808080; font-family: arial, helvetica, sans-serif; font-size: 10pt;\">Before venturing into the world of hangover cures, I was just a normal college student at New York University. Prior to founding Flyby, I worked for Morgan Stanley and IAC where I gained exposure to the field of tech and finance. Like any normal college student, I participated in occasional drinking activities and I remember waking up to the worst hangover of my life after my 21st birthday. I thought to myself, \"We\'ve invented hover boards, spaceships, airplanes and we\'ve yet to create a decent hangover cure\". From that moment on, I devoted my time after graduation to focus full time on creating an effective solution to our society\'s hangover issue.</span></p>\r\n</div>\r\n</div>\r\n</div>\r\n</div>\r\n<div class=\"col-md-2\" data-col=\"2\" title=\"\" data-col_title=\"16%\" style=\"opacity: 1;\">\r\n<div class=\"grid_sortable_items\"></div>\r\n</div>\r\n</div>\r\n</div>\r\n</div>\r\n</div>\r\n</div>\r\n</div>','[grid_editor data=\'\']         About   About FlyBy Ventures began with a single mission – to eliminate alcohol’s greatest enemy, the hangover. Drinking, for both business and pleasure, will always be an integral part of society. Hangovers, on the other hand, do not. By eliminating hangovers, the Flyby team strives to allow you, the consumer, to regain control of those otherwise lost hours and even days, enabling you to continue living life to the fullest. Through a host of studies, trials, and iterations that spanned over the course of a year, the team has created Flyby, a remedy to tackle hangovers. Our patent pending formula is composed of mostly all natural ingredients that target major biochemical reactions to alcohol. Our ingredients target several effects of alcohol, including but not limited to, the reduction of acetaldehyde, the depletion of vitamin B and the depletion of glutathione, our formula anticipates and helps prevent leading causes of hangovers. With FLYBY, you can now have a good night and a good morning. Our Story FlyBy was created with a lofty objective: to provide an all natural hangover cure at consumer friendly prices. I conceived the idea of FlyBy when I was about to graduate from college. I wondered to myself, we\'ve been able to fly to the moon, discover fire, create the internet but I was amazed that there was still no hangover cure. When I was in college, I remember my fellow classmates getting excruciating hangovers to the point where they couldn\'t get out of bed until sundown. I started FlyBy to provide that breakthrough product which would make Sunday mornings a little easier to handle. So one day after graduating from college, I was in my room weighing a bunch of ingredients on a scale that would go into FLYBY. (I don\'t recommend this) Now imagine my mom coming into the room and seeing her son with a scale, white powder everywhere and Ziploc bags. The outcome wasn\'t pleasant but I was able to convince her I was creating a revolutionary product. By conducting intensive research and testing processes, I was able to create the unique formula behind FLYBY. Drinking should be fun without the fear of a hangover the next day.             [grid_editor data=\'\']          Founder   Before venturing into the world of hangover cures, I was just a normal college student at New York University. Prior to founding Flyby, I worked for Morgan Stanley and IAC where I gained exposure to the field of tech and finance. Like any normal college student, I participated in occasional drinking activities and I remember waking up to the worst hangover of my life after my 21st birthday. I thought to myself, &quot;We\'ve invented hover boards, spaceships, airplanes and we\'ve yet to create a decent hangover cure&quot;. From that moment on, I devoted my time after graduation to focus full time on creating an effective solution to our society\'s hangover issue.             ','published',NULL,NULL,'public',NULL,'Post','2015-12-18 08:09:14','2016-01-04 09:35:12',1,0,7),(37,'Guarantee','guarantee','<div>[grid_editor data=\'\']</div>\r\n<div class=\"panel_grid_body row ui-sortable\">\r\n<div style=\"opacity: 1;\" class=\"col-md-2 col-sm-2 col-xs-12\" data-col=\"2\" title=\"\" data-col_title=\"16%\">\r\n<div class=\"grid_sortable_items\"></div>\r\n</div>\r\n<div style=\"opacity: 1;\" class=\"col-md-8 col-sm-8 col-xs-12\" data-col=\"8\" title=\"\" data-col_title=\"66%\">\r\n<div class=\"grid_sortable_items\">\r\n<div class=\"\" data-kind=\"editor\" title=\"\">\r\n<div class=\"grid_item_content grid_item_editor\">\r\n<div class=\"col-sm-3 col-xs-3 column col-md-2\" style=\"display: block;\">\r\n<div class=\"ge-content ge-content-type-tinymce\" data-ge-content-type=\"tinymce\">\r\n<p style=\"text-align: center;\"></p>\r\n</div>\r\n</div>\r\n<div style=\"text-align: center;\" class=\"col-sm-12 col-xs-12 column col-md-8\">\r\n<div class=\"ge-content ge-content-type-tinymce\" data-ge-content-type=\"tinymce\">\r\n<p><span style=\"font-size: 10pt; font-family: arial,helvetica,sans-serif;\"></span></p>\r\n<p style=\"text-align: left;\"><span style=\"font-size: 36pt; font-family: arial,helvetica,sans-serif;\"><strong>Guarantee</strong></span></p>\r\n<p style=\"text-align: center;\"><span style=\"font-size: 12pt; font-family: arial,helvetica,sans-serif;\"></span></p>\r\n<p style=\"text-align: center;\"><span style=\"font-size: 12pt; font-family: arial,helvetica,sans-serif;\"><img src=\"http://flyby-camaleon.gotti.co/media/1/guarantee-badge2.png\" alt=\"\" width=\"230\" height=\"309\"></span></p>\r\n<p style=\"text-align: center;\"><span style=\"font-size: 12pt; color: #808080; font-family: arial,helvetica,sans-serif;\">With FLYBY, you can have a good night and a good morning.&nbsp;</span></p>\r\n<p style=\"text-align: center;\"><span style=\"font-size: 14pt; font-family: arial,helvetica,sans-serif;\"><strong>Money-back guarantee</strong></span></p>\r\n<p style=\"text-align: center;\"><span style=\"font-size: 12pt; font-family: arial,helvetica,sans-serif;\"><strong>Guarantee</strong></span></p>\r\n<p style=\"text-align: center;\"><span style=\"color: #808080; font-family: arial,helvetica,sans-serif;\">We guarantee that if you wake up with a severe hangover while using FlyBy, your purchase will be refunded 100%. Just send us an email with the receipt of the purchased product and we will get back to you as soon as possible. Feedback of why the product may have not worked for you would be highly appreciated, as we know everybody is different and we strive to tailor our product to our customers as best as possible.</span></p>\r\n<p style=\"text-align: center;\"><span style=\"color: #808080; font-family: arial,helvetica,sans-serif;\"></span></p>\r\n<p style=\"text-align: center;\"><span style=\"color: #808080; font-family: arial,helvetica,sans-serif;\"></span></p>\r\n<p style=\"text-align: center;\"><span style=\"color: #808080; font-family: arial,helvetica,sans-serif;\"></span></p>\r\n</div>\r\n</div>\r\n<div class=\"col-sm-3 col-xs-3 column col-md-2\">\r\n<div class=\"ge-content ge-content-type-tinymce\" data-ge-content-type=\"tinymce\">\r\n<p style=\"text-align: center;\"></p>\r\n</div>\r\n</div>\r\n</div>\r\n</div>\r\n</div>\r\n</div>\r\n<div style=\"opacity: 1;\" class=\"col-md-2 col-sm-2 col-xs-12\" data-col=\"2\" title=\"\" data-col_title=\"16%\">\r\n<div class=\"grid_sortable_items\"></div>\r\n</div>\r\n</div>','[grid_editor data=\'\']                 Guarantee   With FLYBY, you can have a good night and a good morning.  Money-back guarantee Guarantee We guarantee that if you wake up with a severe hangover while using FlyBy, your purchase will be refunded 100%. Just send us an email with the receipt of the purchased product and we will get back to you as soon as possible. Feedback of why the product may have not worked for you would be highly appreciated, as we know everybody is different and we strive to tailor our product to our customers as best as possible.                  ','published',NULL,NULL,'public',NULL,'Post','2015-12-18 11:32:13','2016-01-05 10:00:52',1,0,7),(40,'Second Blog','secondblog','<div>[grid_editor data=\'\']</div>\r\n<div class=\"panel_grid_body row ui-sortable\">\r\n<div style=\"opacity: 1;\" class=\"col-md-12 col-sm-12\" data-col=\"12\" title=\"\" data-col_title=\"100%\">\r\n<div class=\"grid_sortable_items\">\r\n<div style=\"z-index: auto; opacity: 1;\" class=\"\" data-kind=\"editor\" title=\"\">\r\n<div class=\"grid_item_content grid_item_editor\">\r\n<div class=\"row\">\r\n<div class=\"col-md-12 col-sm-12 col-xs-12 column\">\r\n<div data-ge-content-type=\"tinymce\" class=\"ge-content ge-content-type-tinymce\">\r\n<p style=\"text-align: center;\"><img src=\"http://flyby-camaleon.gotti.co/media/1/founder-pic.png\" alt=\"\" width=\"191\" height=\"198\"></p>\r\n<p style=\"text-align: center;\">TEST the second Blog.</p>\r\n</div>\r\n</div>\r\n</div>\r\n</div>\r\n</div>\r\n</div>\r\n</div>\r\n</div>','[grid_editor data=\'\']          TEST the second Blog.        ','published',NULL,NULL,'public',NULL,'Post','2015-12-18 14:16:46','2015-12-23 15:57:01',1,0,2),(42,'How It Works','how-it-works','<div class=\"row\"><div class=\"col-md-12 col-sm-12 col-xs-12 column\"><div data-ge-content-type=\"tinymce\" class=\"ge-content ge-content-type-tinymce\"><p data-mce-style=\"text-align: center;\" style=\"text-align: center;\"><span data-mce-style=\"font-size: 14pt;\" style=\"font-size: 14pt;\"><strong>How it works.</strong></span><br data-mce-bogus=\"1\"></p></div></div></div>','How it works.','published',NULL,NULL,'public',NULL,'Post','2015-12-18 14:31:29','2015-12-18 14:31:29',1,0,7),(43,'Testimonials','testimonials','<div>[grid_editor data=\'\']</div>\r\n<div class=\"panel_grid_body row ui-sortable\">\r\n<div style=\"opacity: 1;\" class=\"col-md-12\" data-col=\"12\" title=\"\" data-col_title=\"100%\">\r\n<div class=\"grid_sortable_items\">\r\n<div style=\"z-index: auto; opacity: 1;\" class=\"\" data-kind=\"editor\" title=\"\">\r\n<div class=\"grid_item_content grid_item_editor\">\r\n<p style=\"text-align: center;\"><span style=\"font-family: arial,helvetica,sans-serif; font-size: 18pt;\"><strong>Testimonials</strong></span></p>\r\n</div>\r\n</div>\r\n</div>\r\n</div>\r\n<div class=\"col-md-2\" data-col=\"2\" title=\"\" data-col_title=\"16%\">\r\n<div class=\"grid_sortable_items\"></div>\r\n</div>\r\n<div style=\"opacity: 1;\" class=\"col-md-8\" data-col=\"8\" title=\"\" data-col_title=\"66%\">\r\n<div class=\"grid_sortable_items\">\r\n<div style=\"z-index: auto; opacity: 1;\" class=\"\" data-kind=\"slider\" title=\"\">\r\n<div data-ride=\"carousel\" id=\"slider_92752\" class=\"grid_item_content grid_item_slider carousel slide\">\r\n<ol class=\"carousel-indicators\">\r\n<li data-target=\"#slider_92752\" data-slide-to=\"0\" class=\"active\"></li>\r\n<li data-target=\"#slider_92752\" data-slide-to=\"1\" class=\"\"></li>\r\n<li data-target=\"#slider_92752\" data-slide-to=\"2\" class=\"\"></li>\r\n<li data-target=\"#slider_92752\" data-slide-to=\"3\" class=\"\"></li>\r\n<li data-target=\"#slider_92752\" data-slide-to=\"4\" class=\"\"></li>\r\n</ol>\r\n<div class=\"carousel-inner\" role=\"listbox\">\r\n<div class=\"item active\"><img alt=\"\">\r\n<div class=\"carousel-caption\">\r\n<p><img style=\"display: block; margin-left: auto; margin-right: auto;\" src=\"http://flyby-camaleon.gotti.co/media/1/customer.png\" alt=\"\" height=\"221\" width=\"209\"></p>\r\n<p style=\"margin-bottom: 0cm; line-height: 100%; text-align: center;\"><span style=\"color: #808080; font-size: 12pt;\"><strong><font face=\"Arial, serif\">I was skeptical at first, but this stuff really works, even for those nights where you over do it. Now I’m actually functional on Sunday mornings. Wish I had this in college!</font></strong></span></p>\r\n<p style=\"margin-bottom: 0cm; line-height: 100%; text-align: center;\"><span style=\"color: #808080; font-size: 12pt;\"><strong><font face=\"Arial, serif\">-Robin</font></strong></span></p>\r\n</div>\r\n</div>\r\n<div class=\"item \"><img alt=\"\">\r\n<div class=\"carousel-caption\">\r\n<p style=\"margin-bottom: 0cm; line-height: 100%; text-align: center;\"><span style=\"font-family: arial,helvetica,sans-serif; color: #808080;\"><strong><font face=\"Arial, serif\">I\'m usually a non believer with these types of products. But trust me when I say this -- you will not regret trying XXX. Took my first one on the night of my 22nd birthday and after a heavy night of drinking, I woke up feeling like a champ. </font></strong></span></p>\r\n<p style=\"margin-bottom: 0cm; line-height: 100%; text-align: center;\"><span style=\"font-family: arial,helvetica,sans-serif; color: #808080;\"><strong><font face=\"Arial, serif\">- Shirley</font></strong></span></p>\r\n</div>\r\n</div>\r\n<div class=\"item \"><img alt=\"\">\r\n<div class=\"carousel-caption\">\r\n<p style=\"margin-bottom: 0cm; line-height: 100%; text-align: center;\"><span style=\"font-family: arial,helvetica,sans-serif; color: #808080;\"><strong><font face=\"Arial, serif\">I used to worry about going out with my coworkers during the weekday because I would get horrendous hangovers the next day over just a couple of beers. I’m extremely glad that I discovered XXX. I wake up the next morning with a clear mind that\'s capable of complete both strenuous and mentally demanding tasks.</font></strong></span></p>\r\n<p style=\"margin-bottom: 0cm; line-height: 100%; text-align: center;\"><span style=\"font-family: arial,helvetica,sans-serif; color: #808080;\"><strong><font face=\"Arial, serif\">-Chris</font></strong></span></p>\r\n</div>\r\n</div>\r\n<div class=\"item \"><img alt=\"\">\r\n<div class=\"carousel-caption\">\r\n<p style=\"margin-bottom: 0cm; line-height: 100%; text-align: center;\"><span style=\"font-family: arial,helvetica,sans-serif; color: #808080;\"><strong><font face=\"Arial, serif\">I was pretty hesitant when my friend first told me about this. I decided to try it on a whim on a weeknight out, thinking worst case is I would already feel awful the next day at work anyways. I went to bed at 3 and surprisingly not only woke up at 8 the next morning, but did it very easily. For me, the best part of this pill was how effortless it was to get out of bed. Usually it\'s a 20 minute struggle when I\'m hungover but this time there was no headache, no grogginess, and the best part, no getting yelled at for being late to work! I\'m glad to say that Thirsty Thursdays are officially back!</font></strong></span></p>\r\n<p style=\"margin-bottom: 0cm; line-height: 100%; text-align: center;\"><span style=\"font-family: arial,helvetica,sans-serif; color: #808080;\"><strong><font face=\"Arial, serif\">-Dan</font></strong></span></p>\r\n</div>\r\n</div>\r\n<div class=\"item \"><img alt=\"\">\r\n<div class=\"carousel-caption\">\r\n<p style=\"margin-bottom: 0cm; line-height: 100%; text-align: center;\"><span style=\"color: #808080; font-family: arial,helvetica,sans-serif; font-size: 12pt;\"><strong><font face=\"Arial, serif\">One of the worst feelings is having to curb your nighttime plans because you don\'t want to be hungover the next day. It\'s even worse to have a few drinks anyways and be smacked with that inevitable hangover in the morning. Whether you have something to do or you just don\'t want to feel nauseous all day, doesn\'t everyone want a consistent and effective way to avoid that next-day pain? While there are so many hangover cures out there, XXX is the only one where I truly felt at my best the following morning. No lingering nausea and no piercing headache. XXX allows me to have a normal day at work no matter how much I drink. Now I can start being my best in the day and at night!</font></strong></span></p>\r\n<p style=\"margin-bottom: 0cm; line-height: 100%; text-align: center;\"><span style=\"color: #808080; font-family: arial,helvetica,sans-serif; font-size: 12pt;\"><strong><font face=\"Arial, serif\">-Michael</font></strong></span></p>\r\n<p style=\"margin-bottom: 0cm; line-height: 100%; text-align: center;\"></p>\r\n</div>\r\n</div>\r\n</div>\r\n<a class=\"left carousel-control\" href=\"#slider_92752\" role=\"button\" data-slide=\"prev\"> <span class=\"glyphicon glyphicon-chevron-left\" aria-hidden=\"true\"></span> <span class=\"sr-only\">Previous</span> </a> <a class=\"right carousel-control\" href=\"#slider_92752\" role=\"button\" data-slide=\"next\"> <span class=\"glyphicon glyphicon-chevron-right\" aria-hidden=\"true\"></span> <span class=\"sr-only\">Next</span> </a></div>\r\n</div>\r\n</div>\r\n</div>\r\n<div style=\"opacity: 1;\" class=\"col-md-2\" data-col=\"2\" title=\"\" data-col_title=\"16%\">\r\n<div class=\"grid_sortable_items\"></div>\r\n</div>\r\n</div>','[grid_editor data=\'\']      Testimonials                       I was skeptical at first, but this stuff really works, even for those nights where you over do it. Now I’m actually functional on Sunday mornings. Wish I had this in college! -Robin     I\'m usually a non believer with these types of products. But trust me when I say this -- you will not regret trying XXX. Took my first one on the night of my 22nd birthday and after a heavy night of drinking, I woke up feeling like a champ.  - Shirley     I used to worry about going out with my coworkers during the weekday because I would get horrendous hangovers the next day over just a couple of beers. I’m extremely glad that I discovered XXX. I wake up the next morning with a clear mind that\'s capable of complete both strenuous and mentally demanding tasks. -Chris     I was pretty hesitant when my friend first told me about this. I decided to try it on a whim on a weeknight out, thinking worst case is I would already feel awful the next day at work anyways. I went to bed at 3 and surprisingly not only woke up at 8 the next morning, but did it very easily. For me, the best part of this pill was how effortless it was to get out of bed. Usually it\'s a 20 minute struggle when I\'m hungover but this time there was no headache, no grogginess, and the best part, no getting yelled at for being late to work! I\'m glad to say that Thirsty Thursdays are officially back! -Dan     One of the worst feelings is having to curb your nighttime plans because you don\'t want to be hungover the next day. It\'s even worse to have a few drinks anyways and be smacked with that inevitable hangover in the morning. Whether you have something to do or you just don\'t want to feel nauseous all day, doesn\'t everyone want a consistent and effective way to avoid that next-day pain? While there are so many hangover cures out there, XXX is the only one where I truly felt at my best the following morning. No lingering nausea and no piercing headache. XXX allows me to have a normal day at work no matter how much I drink. Now I can start being my best in the day and at night! -Michael       Previous    Next        ','published',NULL,NULL,'public',NULL,'Post','2015-12-18 14:34:18','2016-01-04 13:27:05',1,0,7),(45,'Privacy Policy','privacy-policy','<div class=\"row\"><div class=\"col-md-12 col-sm-12 col-xs-12 column\"><div data-ge-content-type=\"tinymce\" class=\"ge-content ge-content-type-tinymce\"><p data-mce-style=\"text-align: center;\" style=\"text-align: center;\"><span data-mce-style=\"font-size: 14pt;\" style=\"font-size: 14pt;\"><strong>Privacy Policy</strong></span><br data-mce-bogus=\"1\"></p></div></div></div>','Privacy Policy','published',NULL,NULL,'public',NULL,'Post','2015-12-18 14:39:15','2015-12-18 14:39:15',1,0,7),(46,'Terms of use','terms-of-use','<div class=\"row\"><div class=\"col-md-12 col-sm-12 col-xs-12 column\"><div data-ge-content-type=\"tinymce\" class=\"ge-content ge-content-type-tinymce\"><p data-mce-style=\"text-align: center;\" style=\"text-align: center;\"><span data-mce-style=\"font-size: 14pt;\" style=\"font-size: 14pt;\"><strong>Terms of use.</strong></span><br data-mce-bogus=\"1\"></p></div></div></div>','Terms of use.','published',NULL,NULL,'public',NULL,'Post','2015-12-18 14:39:59','2015-12-18 14:39:59',1,0,7),(47,'Store Locator','store-locator','<div class=\"row\"><div class=\"col-md-12 col-sm-12 col-xs-12 column\"><div data-ge-content-type=\"tinymce\" class=\"ge-content ge-content-type-tinymce\"><p data-mce-style=\"text-align: center;\" style=\"text-align: center;\"><span data-mce-style=\"font-size: 14pt;\" style=\"font-size: 14pt;\"><strong>Store Locator</strong></span><br data-mce-bogus=\"1\"></p></div></div></div>','Store Locator','published',NULL,NULL,'public',NULL,'Post','2015-12-18 14:41:39','2015-12-18 14:41:39',1,0,7),(57,'Flybly','product-2','<div class=\"row\"><div class=\"col-md-12 col-sm-12 col-xs-12 column\"><div data-ge-content-type=\"tinymce\" class=\"ge-content ge-content-type-tinymce\"><p>Flyby<br data-mce-bogus=\"1\"></p></div></div></div>','Flyby','published',NULL,NULL,'public',NULL,'Post','2015-12-21 10:32:21','2015-12-21 10:32:36',1,0,147),(64,'Flybly','product-2','<div class=\"row\"><div class=\"col-md-12 col-sm-12 col-xs-12 column\"><div data-ge-content-type=\"tinymce\" class=\"ge-content ge-content-type-tinymce\"><p>Flyby<br data-mce-bogus=\"1\"></p></div></div></div>','Flyby','draft',NULL,57,'public',NULL,'Post','2015-12-21 12:39:25','2015-12-21 12:39:25',1,0,147),(66,'Home','home','<div>[grid_editor data=\'\']</div>\r\n<div class=\"panel_grid_body row ui-sortable\">\r\n<div data-style=\"{&quot;b-r&quot;:&quot;no-repeat&quot;,&quot;b-c&quot;:&quot;#1e1e1e&quot;}\" style=\"opacity: 1; background-color: #1e1e1e; background-repeat: no-repeat;\" class=\"col-md-12 col-sm-12\" data-col=\"12\" title=\"\" data-col_title=\"100%\">\r\n<div class=\"grid_sortable_items\">\r\n<div data-style=\"{&quot;b-r&quot;:&quot;no-repeat&quot;,&quot;p-b&quot;:&quot;20&quot;}\" style=\"z-index: auto; opacity: 1; background-repeat: no-repeat; padding-bottom: 20px;\" class=\"\" data-kind=\"editor\" title=\"\">\r\n<div class=\"grid_item_content grid_item_editor\">\r\n<p style=\"text-align: center;\"><span style=\"font-family: arial,helvetica,sans-serif; font-size: 24pt; color: #ffffff;\"><strong>BEFORE FLYBY</strong></span></p>\r\n<p style=\"text-align: center;\"><span style=\"font-family: arial,helvetica,sans-serif; font-size: 12pt; color: #808080;\"><strong>We all know the feeling after a good night of drinking</strong></span></p>\r\n<p style=\"text-align: center;\"><span style=\"font-family: arial,helvetica,sans-serif; font-size: 12pt; color: #808080;\"></span></p>\r\n<p style=\"text-align: center;\"><span style=\"font-family: arial,helvetica,sans-serif; font-size: 12pt; color: #808080;\"><strong><img src=\"http://flyby-camaleon.gotti.co/media/1/1.jpg\" alt=\"\" height=\"300\" width=\"301\">&nbsp; <img src=\"http://flyby-camaleon.gotti.co/media/1/2.jpg\" alt=\"\" height=\"302\" width=\"301\">&nbsp; <img src=\"http://flyby-camaleon.gotti.co/media/1/1.jpg\" alt=\"\" height=\"300\" width=\"301\"><br></strong></span></p>\r\n<p style=\"text-align: center;\"><span style=\"font-family: arial,helvetica,sans-serif; font-size: 12pt; color: #808080;\"></span></p>\r\n</div>\r\n</div>\r\n</div>\r\n</div>\r\n<div style=\"opacity: 1;\" class=\"col-md-12 col-sm-12\" data-col=\"12\" title=\"\" data-col_title=\"100%\">\r\n<div class=\"grid_sortable_items\">\r\n<div style=\"z-index: auto; opacity: 1;\" class=\"\" data-kind=\"editor\" title=\"\">\r\n<div class=\"grid_item_content grid_item_editor\">\r\n<p><img style=\"display: block; margin-left: auto; margin-right: auto;\" src=\"http://flyby-camaleon.gotti.co/media/1/black-triangle.png\" alt=\"\" height=\"49\" width=\"93\"></p>\r\n</div>\r\n</div>\r\n</div>\r\n</div>\r\n<div data-style=\"{&quot;b-r&quot;:&quot;no-repeat&quot;,&quot;m-t&quot;:&quot;20&quot;}\" style=\"background-repeat: no-repeat; margin-top: 20px;\" class=\"clearfix col-md-12 col-sm-12\" title=\"\" data-col_title=\"Break Line\" data-col=\"12\"></div>\r\n<div class=\"col-md-2 col-sm-2\" data-col=\"2\" title=\"\" data-col_title=\"16%\">\r\n<div class=\"grid_sortable_items\"></div>\r\n</div>\r\n<div class=\"col-md-4 col-sm-4\" data-col=\"4\" title=\"\" data-col_title=\"33%\">\r\n<div class=\"grid_sortable_items\">\r\n<div style=\"z-index: auto; opacity: 1;\" class=\"\" data-kind=\"editor\" title=\"\">\r\n<div class=\"grid_item_content grid_item_editor\">\r\n<p class=\"hidden-xs\"><img src=\"http://flyby-camaleon.gotti.co/media/1/learn1.png\" alt=\"\" height=\"262\" width=\"542\"></p>\r\n</div>\r\n</div>\r\n</div>\r\n</div>\r\n<div style=\"opacity: 1;\" class=\"col-md-4 col-sm-4\" data-col=\"4\" title=\"\" data-col_title=\"33%\">\r\n<div class=\"grid_sortable_items\">\r\n<div data-style=\"{&quot;b-r&quot;:&quot;no-repeat&quot;}\" style=\"background-repeat: no-repeat;\" class=\"\" data-kind=\"editor\" title=\"\">\r\n<div class=\"grid_item_content grid_item_editor\">\r\n<p style=\"color: #000000; font-family: \'Times New Roman\'; font-size: medium; font-style: normal; font-variant: normal; font-weight: normal; letter-spacing: normal; line-height: normal; orphans: auto; text-align: start; text-indent: 0px; text-transform: none; white-space: normal; widows: 1; word-spacing: 0px; -webkit-text-stroke-width: 0px;\"><span style=\"font-family: arial, helvetica, sans-serif; font-size: 10pt; color: #808080;\">Flyby is a pill contains Vitamin X1, X2, X3, X4 and X5 which provide metabolic energy that reduces fatigue and restores your body’s normal psychological functions. It’s patent pending proprietary blend includes all natural ingredients which when combined produces an antioxidant effect, fortifies your liver, soothes upset stomachs and protects your body from alcohol induced toxicity. The blend effectively removes A1 toxin, which is produced as a result of drinking alcohol and one of the main contributing factors to a hangover. This formula solves your hangover problem from many different angles, allowing for the most thorough solution.</span></p>\r\n</div>\r\n</div>\r\n</div>\r\n</div>\r\n<div class=\"col-md-2 col-sm-2\" data-col=\"2\" title=\"\" data-col_title=\"16%\">\r\n<div class=\"grid_sortable_items\"></div>\r\n</div>\r\n<div data-style=\"{&quot;b-r&quot;:&quot;no-repeat&quot;,&quot;m-t&quot;:&quot;0&quot;}\" style=\"background-repeat: no-repeat; margin-top: 0px;\" class=\"clearfix col-md-12 col-sm-12\" title=\"\" data-col_title=\"Break Line\" data-col=\"12\"></div>\r\n<div style=\"opacity: 1;\" class=\"col-md-2 col-sm-2\" data-col=\"2\" title=\"\" data-col_title=\"16%\">\r\n<div class=\"grid_sortable_items\"></div>\r\n</div>\r\n<div style=\"opacity: 1;\" class=\"col-md-4 col-sm-4\" data-col=\"4\" title=\"\" data-col_title=\"33%\">\r\n<div class=\"grid_sortable_items\">\r\n<div data-style=\"{&quot;b-r&quot;:&quot;no-repeat&quot;}\" style=\"z-index: auto; opacity: 1; background-repeat: no-repeat;\" class=\"\" data-kind=\"editor\" title=\"\">\r\n<div class=\"grid_item_content grid_item_editor\">\r\n<p style=\"color: #000000; font-family: \'Times New Roman\'; font-size: medium; font-style: normal; font-variant: normal; font-weight: normal; letter-spacing: normal; line-height: normal; orphans: auto; text-align: start; text-indent: 0px; text-transform: none; white-space: normal; widows: 1; word-spacing: 0px; -webkit-text-stroke-width: 0px;\"></p>\r\n<p style=\"color: #000000; font-family: \'Times New Roman\'; font-size: medium; font-style: normal; font-variant: normal; font-weight: normal; letter-spacing: normal; line-height: normal; orphans: auto; text-align: start; text-indent: 0px; text-transform: none; white-space: normal; widows: 1; word-spacing: 0px; -webkit-text-stroke-width: 0px;\"><span style=\"color: #808080; font-family: arial, helvetica, sans-serif; font-size: 10pt;\">Simply take one or two tablets (two tablets is suggested for binge drinking) before you start consuming alcohol. Flyby will start breaking down all the toxins in your body before you wake up the next morning leaving you waking up feeling refreshed.</span></p>\r\n</div>\r\n</div>\r\n</div>\r\n</div>\r\n<div style=\"opacity: 1;\" class=\"col-md-4 col-sm-4\" data-col=\"4\" title=\"\" data-col_title=\"33%\">\r\n<div class=\"grid_sortable_items\">\r\n<div style=\"z-index: auto; opacity: 1;\" class=\"\" data-kind=\"editor\" title=\"\">\r\n<div class=\"grid_item_content grid_item_editor\">\r\n<p class=\"hidden-xs\"><img src=\"http://flyby-camaleon.gotti.co/media/1/takeflyby.png\" alt=\"\" height=\"257\" width=\"521\"></p>\r\n</div>\r\n</div>\r\n</div>\r\n</div>\r\n<div class=\"col-md-2 col-sm-2\" data-col=\"2\" title=\"\" data-col_title=\"16%\">\r\n<div class=\"grid_sortable_items\"></div>\r\n</div>\r\n<div style=\"opacity: 1;\" class=\"clearfix col-md-12 col-sm-12\" title=\"\" data-col_title=\"Break Line\" data-col=\"12\"></div>\r\n<div class=\"col-md-2 col-sm-2\" data-col=\"2\" title=\"\" data-col_title=\"16%\">\r\n<div class=\"grid_sortable_items\"></div>\r\n</div>\r\n<div style=\"opacity: 1;\" class=\"col-md-4 col-sm-4\" data-col=\"4\" title=\"\" data-col_title=\"33%\">\r\n<div class=\"grid_sortable_items\">\r\n<div style=\"z-index: auto; opacity: 1;\" class=\"\" data-kind=\"editor\" title=\"\">\r\n<div class=\"grid_item_content grid_item_editor\">\r\n<p class=\"hidden-xs\"><img src=\"http://flyby-camaleon.gotti.co/media/1/party-1.png\" alt=\"\" height=\"216\" width=\"532\"></p>\r\n</div>\r\n</div>\r\n</div>\r\n</div>\r\n<div style=\"opacity: 1;\" class=\"col-md-4 col-sm-4\" data-col=\"4\" title=\"\" data-col_title=\"33%\">\r\n<div class=\"grid_sortable_items\">\r\n<div data-style=\"{&quot;b-r&quot;:&quot;no-repeat&quot;,&quot;m-t&quot;:&quot;20&quot;}\" style=\"z-index: auto; opacity: 1; background-repeat: no-repeat; margin-top: 20px;\" class=\"\" data-kind=\"editor\" title=\"\">\r\n<div class=\"grid_item_content grid_item_editor\">\r\n<p style=\"color: #000000; font-family: \'Times New Roman\'; font-size: medium; font-style: normal; font-variant: normal; font-weight: normal; letter-spacing: normal; line-height: normal; orphans: auto; text-align: start; text-indent: 0px; text-transform: none; white-space: normal; widows: 1; word-spacing: 0px; -webkit-text-stroke-width: 0px;\"><span style=\"font-family: arial, helvetica, sans-serif; font-size: 10pt; color: #808080;\">Now you can start drinking but without that thought in the back of your head that you’re going to wake up with a debilitating hangover.</span></p>\r\n</div>\r\n</div>\r\n</div>\r\n</div>\r\n<div style=\"opacity: 1;\" class=\"col-md-2 col-sm-2\" data-col=\"2\" title=\"\" data-col_title=\"16%\">\r\n<div class=\"grid_sortable_items\"></div>\r\n</div>\r\n<div data-style=\"{&quot;b-img&quot;:&quot;http://flyby-camaleon.gotti.co/media/1/midbanner-new.jpg&quot;,&quot;b-pos&quot;:&quot;center center&quot;,&quot;b-r&quot;:&quot;no-repeat&quot;,&quot;b-s&quot;:&quot;cover&quot;,&quot;p-t&quot;:&quot;305&quot;,&quot;p-r&quot;:&quot;305&quot;,&quot;p-b&quot;:&quot;305&quot;,&quot;p-l&quot;:&quot;305&quot;}\" style=\"opacity: 1; background-position: center center; background-repeat: no-repeat; background-size: cover; background-image: url(\'http://flyby-camaleon.gotti.co/media/1/midbanner-new.jpg\'); padding: 305px;\" class=\"hidden-xs col-md-12 col-sm-12\" data-col=\"12\" title=\"\" data-col_title=\"100%\">\r\n<div class=\"grid_sortable_items\"></div>\r\n</div>\r\n<div style=\"background-repeat: no-repeat; margin-top: 60px;\" data-style=\"{&quot;b-r&quot;:&quot;no-repeat&quot;,&quot;m-t&quot;:&quot;60&quot;}\" class=\"clearfix col-md-12 col-sm-12\" title=\"\" data-col_title=\"Break Line\" data-col=\"12\"></div>\r\n<div style=\"opacity: 1;\" class=\"col-md-12 col-sm-12\" data-col=\"12\" title=\"\" data-col_title=\"100%\">\r\n<div class=\"grid_sortable_items\">\r\n<div style=\"z-index: 1000;\" class=\"\" data-kind=\"editor\" title=\"\">\r\n<div class=\"grid_item_content grid_item_editor\">\r\n<p></p>\r\n<p style=\"text-align: center;\"><img src=\"http://flyby-camaleon.gotti.co/media/1/quote.png\" alt=\"\" height=\"88\" width=\"93\"></p>\r\n<p style=\"text-align: center;\"><span style=\"font-family: arial,helvetica,sans-serif; font-size: 24pt;\"><strong>DON\'T JUST TAKE OUR WORD FOR IT</strong></span></p>\r\n</div>\r\n</div>\r\n</div>\r\n</div>\r\n<div style=\"opacity: 1;\" class=\"col-md-2 col-sm-12\" data-col=\"2\" title=\"\" data-col_title=\"16%\">\r\n<div class=\"grid_sortable_items\"></div>\r\n</div>\r\n<div class=\"col-md-8 col-sm-12\" data-col=\"8\" title=\"\" data-col_title=\"66%\">\r\n<div class=\"grid_sortable_items\">\r\n<div style=\"z-index: auto; opacity: 1;\" class=\"\" data-kind=\"slider\" title=\"\">\r\n<div data-ride=\"carousel\" id=\"slider_64945\" class=\"grid_item_content grid_item_slider carousel slide\">\r\n<ol class=\"carousel-indicators\">\r\n<li data-target=\"#slider_64945\" data-slide-to=\"0\" class=\"active\"></li>\r\n<li data-target=\"#slider_64945\" data-slide-to=\"1\" class=\"\"></li>\r\n<li data-target=\"#slider_64945\" data-slide-to=\"2\" class=\"\"></li>\r\n<li data-target=\"#slider_64945\" data-slide-to=\"3\" class=\"\"></li>\r\n<li data-target=\"#slider_64945\" data-slide-to=\"4\" class=\"\"></li>\r\n</ol>\r\n<div class=\"carousel-inner\" role=\"listbox\">\r\n<div class=\"item active\"><img alt=\"\">\r\n<div class=\"carousel-caption\">\r\n<p><img style=\"display: block; margin-left: auto; margin-right: auto;\" src=\"http://flyby-camaleon.gotti.co/media/1/customer.png\" alt=\"\" height=\"221\" width=\"209\"></p>\r\n<p style=\"margin-bottom: 0cm; line-height: 100%; text-align: center;\"><span style=\"font-family: arial,helvetica,sans-serif; font-size: 12pt; color: #808080;\"><strong><font face=\"Arial, serif\">I was skeptical at first, but this stuff really works, even for those nights where you over do it. Now I’m actually functional on Sunday mornings. Wish I had this in college!</font></strong></span></p>\r\n<p style=\"margin-bottom: 0cm; line-height: 100%; text-align: center;\"><span style=\"font-family: arial,helvetica,sans-serif; font-size: 12pt; color: #808080;\"><strong><font face=\"Arial, serif\">-Robin</font></strong></span></p>\r\n</div>\r\n</div>\r\n<div class=\"item \"><img alt=\"\">\r\n<div class=\"carousel-caption\">\r\n<p style=\"margin-bottom: 0cm; line-height: 100%; text-align: center;\"><span style=\"font-family: arial,helvetica,sans-serif; font-size: 12pt; color: #808080;\"><strong><font face=\"Arial, serif\">I\'m usually a non believer with these types of products. But trust me when I say this -- you will not regret trying XXX. Took my first one on the night of my 22nd birthday and after a heavy night of drinking, I woke up feeling like a champ. </font></strong></span></p>\r\n<p style=\"margin-bottom: 0cm; line-height: 100%; text-align: center;\"><span style=\"font-family: arial,helvetica,sans-serif; font-size: 12pt; color: #808080;\"><strong><font face=\"Arial, serif\">- Shirley</font></strong></span></p>\r\n</div>\r\n</div>\r\n<div class=\"item \"><img alt=\"\">\r\n<div class=\"carousel-caption\">\r\n<p style=\"margin-bottom: 0cm; line-height: 100%; text-align: center;\"><span style=\"font-family: arial,helvetica,sans-serif; font-size: 12pt; color: #808080;\"><strong><font face=\"Arial, serif\">I used to worry about going out with my coworkers during the weekday because I would get horrendous hangovers the next day over just a couple of beers. I’m extremely glad that I discovered XXX. I wake up the next morning with a clear mind that\'s capable of complete both strenuous and mentally demanding tasks.</font></strong></span></p>\r\n<p style=\"margin-bottom: 0cm; line-height: 100%; text-align: center;\"><span style=\"font-family: arial,helvetica,sans-serif; font-size: 12pt; color: #808080;\"><strong><font face=\"Arial, serif\">-Chris</font></strong></span></p>\r\n</div>\r\n</div>\r\n<div class=\"item \"><img alt=\"\">\r\n<div class=\"carousel-caption\">\r\n<p style=\"margin-bottom: 0cm; line-height: 100%; text-align: center;\"><span style=\"font-family: arial,helvetica,sans-serif; font-size: 12pt; color: #808080;\"><strong><font face=\"Arial, serif\">hungover but this time there was no headache, no grogginess, and the best part, no getting yelled at for being late to work! I\'m glad to say that Thirsty Thursdays are officially back!</font></strong></span></p>\r\n<p style=\"margin-bottom: 0cm; line-height: 100%; text-align: center;\"><span style=\"font-family: arial,helvetica,sans-serif; font-size: 12pt; color: #808080;\"><strong><font face=\"Arial, serif\">-Dan</font></strong></span></p>\r\n</div>\r\n</div>\r\n<div class=\"item \"><img alt=\"\">\r\n<div class=\"carousel-caption\">\r\n<p style=\"margin-bottom: 0cm; line-height: 100%; text-align: center;\"><span style=\"font-family: arial,helvetica,sans-serif; font-size: 12pt; color: #808080;\"><strong><font face=\"Arial, serif\">One of the worst feelings is having to curb your nighttime plans because you don\'t want to be hungover the next day. It\'s even worse to have a few drinks anyways and be smacked with that inevitable hangover in the morning. Whether you have something to do or you just don\'t want to feel nauseous all day, doesn\'t everyone want a consistent and effective way to avoid that next-day pain? While there are so many hangover cures out there, XXX is the only one where I truly felt at my best the following morning. No lingering nausea and no piercing headache. XXX allows me to have a normal day at work no matter how much I drink. Now I can start being my best in the day and at night!</font></strong></span></p>\r\n<p style=\"margin-bottom: 0cm; line-height: 100%; text-align: center;\"><span style=\"font-family: arial,helvetica,sans-serif; font-size: 12pt; color: #808080;\"><strong><font face=\"Arial, serif\">-Michael</font></strong></span></p>\r\n</div>\r\n</div>\r\n</div>\r\n<a class=\"left carousel-control\" href=\"#slider_64945\" role=\"button\" data-slide=\"prev\"> <span class=\"glyphicon glyphicon-chevron-left\" aria-hidden=\"true\"></span> <span class=\"sr-only\">Previous</span> </a> <a class=\"right carousel-control\" href=\"#slider_64945\" role=\"button\" data-slide=\"next\"> <span class=\"glyphicon glyphicon-chevron-right\" aria-hidden=\"true\"></span> <span class=\"sr-only\">Next</span> </a></div>\r\n</div>\r\n</div>\r\n</div>\r\n<div style=\"opacity: 1;\" class=\"col-md-2 col-sm-12\" data-col=\"2\" title=\"\" data-col_title=\"16%\">\r\n<div class=\"grid_sortable_items\"></div>\r\n</div>\r\n<div class=\"clearfix col-md-12 col-sm-12\" title=\"\" data-col_title=\"Break Line\" data-col=\"12\"></div>\r\n<div class=\"col-md-2 col-sm-12\" data-col=\"2\" title=\"\" data-col_title=\"16%\">\r\n<div class=\"grid_sortable_items\"></div>\r\n</div>\r\n<div class=\"col-md-8 col-sm-12\" data-col=\"8\" title=\"\" data-col_title=\"66%\">\r\n<div class=\"grid_sortable_items\">\r\n<div data-style=\"{&quot;b-r&quot;:&quot;no-repeat&quot;,&quot;m-t&quot;:&quot;20&quot;,&quot;m-b&quot;:&quot;20&quot;}\" style=\"z-index: auto; opacity: 1; background-repeat: no-repeat; margin-top: 20px; margin-bottom: 20px;\" class=\"\" data-kind=\"editor\" title=\"\">\r\n<div class=\"grid_item_content grid_item_editor\">\r\n<p class=\"hidden-xs\" style=\"text-align: center;\"><img src=\"http://flyby-camaleon.gotti.co/media/1/clients_1.png\" alt=\"\" height=\"58\" width=\"675\"></p>\r\n</div>\r\n</div>\r\n</div>\r\n</div>\r\n<div class=\"col-md-2 col-sm-12\" data-col=\"2\" title=\"\" data-col_title=\"16%\">\r\n<div class=\"grid_sortable_items\"></div>\r\n</div>\r\n<div data-style=\"{&quot;b-r&quot;:&quot;no-repeat&quot;,&quot;b-c&quot;:&quot;#f6f6f6&quot;,&quot;p-t&quot;:&quot;20&quot;,&quot;p-b&quot;:&quot;20&quot;}\" style=\"opacity: 1; background-color: #f6f6f6; background-repeat: no-repeat; padding-top: 20px; padding-bottom: 20px;\" class=\"col-md-12 col-sm-12\" data-col=\"12\" title=\"\" data-col_title=\"100%\">\r\n<div class=\"grid_sortable_items\">\r\n<div style=\"z-index: auto; opacity: 1;\" class=\"\" data-kind=\"editor\" title=\"\">\r\n<div class=\"grid_item_content grid_item_editor\">\r\n<p style=\"text-align: center;\"></p>\r\n<p style=\"text-align: center;\"><img src=\"http://flyby-camaleon.gotti.co/media/1/flyby.png\" alt=\"\" height=\"109\" width=\"161\"></p>\r\n<p style=\"text-align: center;\"><span style=\"font-family: arial,helvetica,sans-serif; font-size: 18pt;\"><strong>CRAFTED FOR A BETTER DAY</strong></span></p>\r\n<p style=\"text-align: center;\"><span style=\"font-family: arial,helvetica,sans-serif; font-size: 18pt;\"><strong><img src=\"http://flyby-camaleon.gotti.co/media/1/bigpill3.png\" alt=\"\" height=\"416\" width=\"299\"></strong></span></p>\r\n<p style=\"text-align: center;\"><span style=\"font-family: arial,helvetica,sans-serif; font-size: 18pt;\"></span></p>\r\n</div>\r\n</div>\r\n</div>\r\n</div>\r\n<div class=\"clearfix col-md-12 col-sm-12\" title=\"\" data-col_title=\"Break Line\" data-col=\"12\"></div>\r\n<div data-style=\"{&quot;b-r&quot;:&quot;no-repeat&quot;,&quot;b-c&quot;:&quot;#fafafa&quot;,&quot;p-t&quot;:&quot;40&quot;,&quot;p-b&quot;:&quot;40&quot;}\" style=\"background-color: #fafafa; background-repeat: no-repeat; padding-top: 40px; padding-bottom: 40px;\" class=\"col-md-12 col-sm-12\" data-col=\"12\" title=\"\" data-col_title=\"100%\">\r\n<div class=\"grid_sortable_items\">\r\n<div style=\"z-index: auto; opacity: 1;\" class=\"\" data-kind=\"editor\" title=\"\">\r\n<div class=\"grid_item_content grid_item_editor\">\r\n<p style=\"text-align: center;\"></p>\r\n<p style=\"text-align: center;\"><img src=\"http://flyby-camaleon.gotti.co/media/1/guarantee-badge.png\" alt=\"\" height=\"164\" width=\"178\"></p>\r\n<p style=\"text-align: center;\"><span style=\"font-size: 10pt; color: #808080;\"><strong><span style=\"font-family: arial,helvetica,sans-serif;\">We guarantee that if you wake up with a hangover while using FlyBy, your purchase will be refunded 100%.</span></strong></span></p>\r\n</div>\r\n</div>\r\n</div>\r\n</div>\r\n<div data-style=\"{&quot;b-r&quot;:&quot;no-repeat&quot;,&quot;m-t&quot;:&quot;40&quot;,&quot;m-b&quot;:&quot;40&quot;}\" style=\"background-repeat: no-repeat; margin-top: 40px; margin-bottom: 40px;\" class=\"col-md-12 col-sm-12\" data-col=\"12\" title=\"\" data-col_title=\"100%\">\r\n<div class=\"grid_sortable_items\">\r\n<div style=\"z-index: auto; opacity: 1;\" class=\"\" data-kind=\"editor\" title=\"\">\r\n<div class=\"grid_item_content grid_item_editor\">\r\n<p style=\"text-align: center;\"></p>\r\n<p style=\"text-align: center;\"><strong style=\"color: #000000; font-family: arial, helvetica, sans-serif; font-size: 32px; font-style: normal; font-variant: normal; letter-spacing: normal; line-height: normal; orphans: auto; text-align: center; text-indent: 0px; text-transform: none; white-space: normal; widows: 1; word-spacing: 0px; -webkit-text-stroke-width: 0px;\">PURCHASE <span style=\"color: #808080;\">FLY</span><span style=\"color: #ff0000;\">BY</span> TODAY</strong></p>\r\n<p style=\"text-align: center;\"><strong style=\"color: #000000; font-family: arial, helvetica, sans-serif; font-size: 32px; font-style: normal; font-variant: normal; letter-spacing: normal; line-height: normal; orphans: auto; text-align: center; text-indent: 0px; text-transform: none; white-space: normal; widows: 1; word-spacing: 0px; -webkit-text-stroke-width: 0px;\"><img src=\"http://flyby-camaleon.gotti.co/media/1/buynow.png\" alt=\"\" height=\"201\" width=\"673\"></strong></p>\r\n<p style=\"text-align: center;\"></p>\r\n<p style=\"text-align: center;\"><strong style=\"color: #000000; font-family: arial, helvetica, sans-serif; font-size: 13.3333px; font-style: normal; font-variant: normal; letter-spacing: normal; line-height: normal; orphans: auto; text-align: center; text-indent: 0px; text-transform: none; white-space: normal; widows: 1; word-spacing: 0px; -webkit-text-stroke-width: 0px;\"><a data-original-title=\"\" href=\"http://flyby-camaleon.gotti.co/group/147-products\" style=\"padding: 8px 15px; border: 1px solid #ccc; border-radius: 3px; color: #000000;\">Buy Now</a></strong></p>\r\n</div>\r\n</div>\r\n</div>\r\n</div>\r\n</div>','[grid_editor data=\'\']      BEFORE FLYBY We all know the feeling after a good night of drinking                                      Flyby is a pill contains Vitamin X1, X2, X3, X4 and X5 which provide metabolic energy that reduces fatigue and restores your body’s normal psychological functions. It’s patent pending proprietary blend includes all natural ingredients which when combined produces an antioxidant effect, fortifies your liver, soothes upset stomachs and protects your body from alcohol induced toxicity. The blend effectively removes A1 toxin, which is produced as a result of drinking alcohol and one of the main contributing factors to a hangover. This formula solves your hangover problem from many different angles, allowing for the most thorough solution.                 Simply take one or two tablets (two tablets is suggested for binge drinking) before you start consuming alcohol. Flyby will start breaking down all the toxins in your body before you wake up the next morning leaving you waking up feeling refreshed.                                  Now you can start drinking but without that thought in the back of your head that you’re going to wake up with a debilitating hangover.                  DON\'T JUST TAKE OUR WORD FOR IT                       I was skeptical at first, but this stuff really works, even for those nights where you over do it. Now I’m actually functional on Sunday mornings. Wish I had this in college! -Robin     I\'m usually a non believer with these types of products. But trust me when I say this -- you will not regret trying XXX. Took my first one on the night of my 22nd birthday and after a heavy night of drinking, I woke up feeling like a champ.  - Shirley     I used to worry about going out with my coworkers during the weekday because I would get horrendous hangovers the next day over just a couple of beers. I’m extremely glad that I discovered XXX. I wake up the next morning with a clear mind that\'s capable of complete both strenuous and mentally demanding tasks. -Chris     hungover but this time there was no headache, no grogginess, and the best part, no getting yelled at for being late to work! I\'m glad to say that Thirsty Thursdays are officially back! -Dan     One of the worst feelings is having to curb your nighttime plans because you don\'t want to be hungover the next day. It\'s even worse to have a few drinks anyways and be smacked with that inevitable hangover in the morning. Whether you have something to do or you just don\'t want to feel nauseous all day, doesn\'t everyone want a consistent and effective way to avoid that next-day pain? While there are so many hangover cures out there, XXX is the only one where I truly felt at my best the following morning. No lingering nausea and no piercing headache. XXX allows me to have a normal day at work no matter how much I drink. Now I can start being my best in the day and at night! -Michael      Previous    Next                              CRAFTED FOR A BETTER DAY              We guarantee that if you wake up with a hangover while using FlyBy, your purchase will be refunded 100%.          PURCHASE FLYBY TODAY   Buy Now     ','published',NULL,NULL,'public',NULL,'Post','2015-12-22 09:31:21','2016-01-04 13:30:49',1,0,7);

--
-- Table structure for table `cama_term_relationships`
--

CREATE TABLE `cama_term_relationships` (
  `id` int(11) NOT NULL AUTO_INCREMENT,
  `objectid` int(11) DEFAULT NULL,
  `term_order` int(11) DEFAULT NULL,
  `term_taxonomy_id` int(11) DEFAULT NULL,
  PRIMARY KEY (`id`),
  KEY `index_cama_term_relationships_on_objectid` (`objectid`),
  KEY `index_cama_term_relationships_on_term_order` (`term_order`),
  KEY `index_cama_term_relationships_on_term_taxonomy_id` (`term_taxonomy_id`)
) ENGINE=InnoDB AUTO_INCREMENT=44 DEFAULT CHARSET=utf8 COLLATE=utf8_unicode_ci;

--
-- Dumping data for table `cama_term_relationships`
--

INSERT INTO `cama_term_relationships` VALUES (1,1,NULL,6),(14,16,NULL,157),(18,40,NULL,6),(25,16,NULL,185),(28,16,NULL,189),(29,16,NULL,190),(31,16,NULL,196),(42,16,NULL,221);

--
-- Table structure for table `cama_term_taxonomy`
--

CREATE TABLE `cama_term_taxonomy` (
  `id` int(11) NOT NULL AUTO_INCREMENT,
  `taxonomy` varchar(255) COLLATE utf8_unicode_ci DEFAULT NULL,
  `description` longtext COLLATE utf8_unicode_ci,
  `parent_id` int(11) DEFAULT NULL,
  `count` int(11) DEFAULT NULL,
  `name` varchar(255) COLLATE utf8_unicode_ci DEFAULT NULL,
  `slug` varchar(255) COLLATE utf8_unicode_ci DEFAULT NULL,
  `term_group` int(11) DEFAULT NULL,
  `term_order` int(11) DEFAULT NULL,
  `status` varchar(255) COLLATE utf8_unicode_ci DEFAULT NULL,
  `created_at` datetime NOT NULL,
  `updated_at` datetime NOT NULL,
  `user_id` int(11) DEFAULT NULL,
  PRIMARY KEY (`id`),
  KEY `index_cama_term_taxonomy_on_taxonomy` (`taxonomy`),
  KEY `index_cama_term_taxonomy_on_parent_id` (`parent_id`),
  KEY `index_cama_term_taxonomy_on_slug` (`slug`),
  KEY `index_cama_term_taxonomy_on_term_order` (`term_order`),
  KEY `index_cama_term_taxonomy_on_user_id` (`user_id`)
) ENGINE=InnoDB AUTO_INCREMENT=231 DEFAULT CHARSET=utf8 COLLATE=utf8_unicode_ci;

--
-- Dumping data for table `cama_term_taxonomy`
--

INSERT INTO `cama_term_taxonomy` VALUES (1,'site','',NULL,NULL,'Where would you be without a hangover','flyby-camaleon.gotti.co',NULL,NULL,NULL,'2015-12-04 12:03:45','2015-12-09 15:08:26',NULL),(2,'post_type','Posts',1,NULL,'Blog','post',NULL,NULL,NULL,'2015-12-04 12:03:45','2015-12-21 07:31:04',NULL),(3,'user_roles','Default roles admin',1,NULL,'Administrator','admin',-1,NULL,NULL,'2015-12-04 12:03:45','2015-12-04 12:03:45',NULL),(4,'user_roles','Editor Role',1,NULL,'Editor','editor',NULL,NULL,NULL,'2015-12-04 12:03:45','2015-12-04 12:03:45',NULL),(5,'user_roles','Contributor Role',1,NULL,'Contributor','contributor',NULL,NULL,NULL,'2015-12-04 12:03:45','2015-12-04 12:03:45',NULL),(6,'category','',2,2,'General','general',1,NULL,'2','2015-12-04 12:03:45','2015-12-21 12:29:18',NULL),(7,'post_type','Pages',1,NULL,'Page','page',NULL,NULL,NULL,'2015-12-04 12:03:45','2015-12-04 12:03:45',NULL),(11,'user_roles','Default roles client',1,NULL,'Client','client',-1,NULL,NULL,'2015-12-04 12:03:46','2015-12-04 12:03:46',NULL),(12,'plugin',NULL,1,NULL,'front_cache','front_cache',1,NULL,NULL,'2015-12-04 12:03:46','2015-12-04 12:03:46',NULL),(13,'plugin',NULL,1,NULL,'contact_form','contact_form',1,NULL,NULL,'2015-12-04 12:03:46','2015-12-04 12:03:46',NULL),(14,'plugin',NULL,1,NULL,'attack','attack',NULL,NULL,NULL,'2015-12-04 12:03:46','2015-12-17 15:14:06',NULL),(23,'nav_menu',NULL,1,3,'Main Navigation','main_menu',NULL,NULL,NULL,'2015-12-07 10:33:40','2015-12-09 12:13:32',NULL),(35,'nav_menu',NULL,1,NULL,'Main Menu','main_menu',NULL,NULL,NULL,'2015-12-07 13:34:56','2015-12-07 13:34:56',NULL),(141,'theme',NULL,1,NULL,'flyby','flyby',NULL,NULL,NULL,'2015-12-09 12:46:47','2015-12-18 08:11:35',NULL),(146,'plugin',NULL,1,NULL,'ecommerce','ecommerce',1,NULL,NULL,'2015-12-10 07:29:35','2015-12-10 07:29:35',NULL),(147,'post_type','',1,NULL,'Products','commerce',-1,NULL,NULL,'2015-12-10 07:29:35','2015-12-21 10:36:11',NULL),(155,'plugin',NULL,1,NULL,'tinymce_font_awesome','tinymce_font_awesome',1,NULL,NULL,'2015-12-17 15:13:57','2015-12-17 15:13:57',NULL),(156,'plugin',NULL,1,NULL,'grid_editor','grid_editor',NULL,NULL,NULL,'2015-12-17 15:14:13','2015-12-22 09:12:04',NULL),(157,'ecommerce_cart',NULL,1,1,'Cart by 1','cart-by-1',NULL,NULL,NULL,'2015-12-18 03:38:20','2015-12-18 03:38:20',1),(159,'theme',NULL,1,NULL,'new','new',NULL,NULL,'inactive','2015-12-18 03:42:32','2015-12-18 03:42:32',NULL),(175,'nav_menu_item',NULL,23,NULL,'Product','product',1,NULL,NULL,'2015-12-21 10:34:12','2015-12-21 10:34:12',NULL),(176,'nav_menu_item',NULL,23,NULL,'Blog','blog',1,NULL,NULL,'2015-12-21 10:34:12','2015-12-21 10:34:12',NULL),(177,'nav_menu_item',NULL,23,NULL,'Store Locator','store-locator',1,NULL,NULL,'2015-12-21 10:34:12','2015-12-21 10:34:12',NULL),(178,'plugin',NULL,1,NULL,'camaleon_editor','camaleon_editor',1,NULL,NULL,'2015-12-22 09:11:54','2015-12-23 08:38:32',NULL),(181,'plugin',NULL,1,NULL,'reviews','reviews',1,NULL,NULL,'2015-12-28 13:31:28','2015-12-28 13:31:28',NULL),(183,'ecommerce_cart',NULL,1,NULL,'Cart by anonymous-0c894d8e7a','cart-by-anonymous-0c894d8e7a',NULL,NULL,NULL,'2015-12-29 08:32:35','2015-12-29 08:32:35',NULL),(184,'ecommerce_cart',NULL,1,NULL,'Cart by anonymous-00a35ce5d8','cart-by-anonymous-00a35ce5d8',NULL,NULL,NULL,'2015-12-29 15:14:27','2015-12-29 15:14:27',NULL),(185,'ecommerce_cart',NULL,1,1,'Cart by anonymous-ed505cd9e8','cart-by-anonymous-ed505cd9e8',NULL,NULL,NULL,'2015-12-30 15:16:20','2015-12-30 15:16:20',NULL),(188,'ecommerce_shipping_method','',1,NULL,'USPS','usps',NULL,NULL,'1','2015-12-31 03:04:48','2015-12-31 03:12:15',NULL),(189,'ecommerce_cart',NULL,1,1,'Cart by anonymous-c305234729','cart-by-anonymous-c305234729',NULL,NULL,NULL,'2016-01-01 22:45:18','2016-01-01 22:45:18',NULL),(190,'ecommerce_cart',NULL,1,1,'Cart by anonymous-4d37fe0fc4','cart-by-anonymous-4d37fe0fc4',NULL,NULL,NULL,'2016-01-01 22:49:12','2016-01-01 22:49:12',NULL),(192,'ecommerce_cart',NULL,1,NULL,'Cart by anonymous-85b73a6478','cart-by-anonymous-85b73a6478',NULL,NULL,NULL,'2016-01-02 18:16:21','2016-01-02 18:16:21',NULL),(193,'ecommerce_cart',NULL,1,NULL,'Cart by anonymous-c088ef1660','cart-by-anonymous-c088ef1660',NULL,NULL,NULL,'2016-01-03 17:34:20','2016-01-03 17:34:20',NULL),(194,'ecommerce_cart',NULL,1,NULL,'Cart by anonymous-575e138e06','cart-by-anonymous-575e138e06',NULL,NULL,NULL,'2016-01-03 22:43:58','2016-01-03 22:43:58',NULL),(195,'ecommerce_cart',NULL,1,NULL,'Cart by anonymous-7a61f292b4','cart-by-anonymous-7a61f292b4',NULL,NULL,NULL,'2016-01-04 09:38:54','2016-01-04 09:38:54',NULL),(196,'ecommerce_cart',NULL,1,1,'Cart by anonymous-ec1047fc14','cart-by-anonymous-ec1047fc14',NULL,NULL,NULL,'2016-01-04 20:46:12','2016-01-04 20:46:12',NULL),(197,'ecommerce_cart',NULL,1,NULL,'Cart by anonymous-165002d531','cart-by-anonymous-165002d531',NULL,NULL,NULL,'2016-01-05 03:06:13','2016-01-05 03:06:13',NULL),(198,'ecommerce_cart',NULL,1,NULL,'Cart by anonymous-561115897c','cart-by-anonymous-561115897c',NULL,NULL,NULL,'2016-01-05 09:35:45','2016-01-05 09:35:45',NULL),(201,'ecommerce_order',NULL,1,NULL,'Order 1452096747','1452096747',NULL,NULL,'unpaid','2016-01-06 16:12:27','2016-01-06 16:12:27',0),(202,'ecommerce_cart',NULL,1,NULL,'Cart by anonymous-5a2fd6dee9','cart-by-anonymous-5a2fd6dee9',NULL,NULL,NULL,'2016-01-06 19:45:32','2016-01-06 19:45:32',NULL),(203,'ecommerce_cart',NULL,1,NULL,'Cart by anonymous-415944434b','cart-by-anonymous-415944434b',NULL,NULL,NULL,'2016-01-08 09:50:31','2016-01-08 09:50:31',NULL),(205,'ecommerce_order',NULL,1,NULL,'Order 1452894197','1452894197',NULL,NULL,'unpaid','2016-01-15 21:43:17','2016-01-15 21:43:17',0),(208,'ecommerce_order',NULL,1,NULL,'Order 1452895980','1452895980',NULL,NULL,'unpaid','2016-01-15 22:13:00','2016-01-15 22:13:00',0),(210,'ecommerce_order',NULL,1,NULL,'Order 1452896128','1452896128',NULL,NULL,'unpaid','2016-01-15 22:15:28','2016-01-15 22:15:28',3),(212,'ecommerce_order',NULL,1,NULL,'Order 1452896304','1452896304',NULL,NULL,'unpaid','2016-01-15 22:18:24','2016-01-15 22:18:24',3),(214,'ecommerce_order',NULL,1,NULL,'Order 1452896451','1452896451',NULL,NULL,'unpaid','2016-01-15 22:20:51','2016-01-15 22:20:51',0),(216,'ecommerce_order',NULL,1,NULL,'Order 1453087149','1453087149',NULL,NULL,'unpaid','2016-01-18 03:19:09','2016-01-18 03:19:09',2),(217,'ecommerce_cart',NULL,1,NULL,'Cart by 2','cart-by-2',NULL,NULL,NULL,'2016-01-18 03:19:10','2016-01-18 03:19:10',2),(218,'ecommerce_payment_method','',1,NULL,'testpayment','testpayment',NULL,NULL,'1','2016-01-18 03:24:24','2016-01-18 03:24:24',NULL),(220,'ecommerce_cart',NULL,1,NULL,'Cart by anonymous-83c18aed51','cart-by-anonymous-83c18aed51',NULL,NULL,NULL,'2016-01-18 07:05:38','2016-01-18 07:05:38',NULL),(221,'ecommerce_cart',NULL,1,1,'Cart by anonymous-27caee1d80','cart-by-anonymous-27caee1d80',NULL,NULL,NULL,'2016-01-18 07:05:38','2016-01-18 07:05:38',NULL),(223,'ecommerce_order',NULL,1,NULL,'Order 1453157546','1453157546',NULL,NULL,'unpaid','2016-01-18 22:52:26','2016-01-18 22:52:26',0),(225,'ecommerce_order',NULL,1,NULL,'Order 1453157649','1453157649',NULL,NULL,'unpaid','2016-01-18 22:54:09','2016-01-18 22:54:09',0),(227,'ecommerce_order',NULL,1,NULL,'Order 1453157670','1453157670',NULL,NULL,'unpaid','2016-01-18 22:54:30','2016-01-18 22:54:30',0),(228,'ecommerce_cart',NULL,1,NULL,'Cart by anonymous-27a7a75960','cart-by-anonymous-27a7a75960',NULL,NULL,NULL,'2016-01-18 22:55:43','2016-01-18 22:55:43',NULL),(229,'ecommerce_order',NULL,1,NULL,'Order 1453167184','1453167184',NULL,NULL,'unpaid','2016-01-19 01:33:04','2016-01-19 01:33:04',3),(230,'ecommerce_cart',NULL,1,NULL,'Cart by 3','cart-by-3',NULL,NULL,NULL,'2016-01-19 01:33:05','2016-01-19 01:33:05',3);

--
-- Table structure for table `cama_user_relationships`
--

CREATE TABLE `cama_user_relationships` (
  `id` int(11) NOT NULL AUTO_INCREMENT,
  `term_order` int(11) DEFAULT NULL,
  `active` int(11) DEFAULT '1',
  `term_taxonomy_id` int(11) DEFAULT NULL,
  `user_id` int(11) DEFAULT NULL,
  PRIMARY KEY (`id`),
  KEY `index_cama_user_relationships_on_term_taxonomy_id` (`term_taxonomy_id`),
  KEY `index_cama_user_relationships_on_user_id` (`user_id`)
) ENGINE=InnoDB AUTO_INCREMENT=4 DEFAULT CHARSET=utf8 COLLATE=utf8_unicode_ci;

--
-- Dumping data for table `cama_user_relationships`
--

INSERT INTO `cama_user_relationships` VALUES (1,NULL,1,1,1),(2,NULL,1,1,2),(3,NULL,1,1,3);

--
-- Table structure for table `plugins_attacks`
--

CREATE TABLE `plugins_attacks` (
  `id` int(11) NOT NULL AUTO_INCREMENT,
  `path` varchar(255) COLLATE utf8_unicode_ci DEFAULT NULL,
  `browser_key` varchar(255) COLLATE utf8_unicode_ci DEFAULT NULL,
  `site_id` int(11) DEFAULT NULL,
  `created_at` datetime DEFAULT NULL,
  PRIMARY KEY (`id`),
  KEY `index_plugins_attacks_on_path` (`path`),
  KEY `index_plugins_attacks_on_browser_key` (`browser_key`),
  KEY `index_plugins_attacks_on_site_id` (`site_id`)
) ENGINE=InnoDB AUTO_INCREMENT=237 DEFAULT CHARSET=utf8 COLLATE=utf8_unicode_ci;

--
-- Dumping data for table `plugins_attacks`
--


--
-- Table structure for table `plugins_contact_forms`
--

CREATE TABLE `plugins_contact_forms` (
  `id` int(11) NOT NULL AUTO_INCREMENT,
  `site_id` int(11) DEFAULT NULL,
  `count` int(11) DEFAULT NULL,
  `parent_id` int(11) DEFAULT NULL,
  `name` varchar(255) COLLATE utf8_unicode_ci DEFAULT NULL,
  `slug` varchar(255) COLLATE utf8_unicode_ci DEFAULT NULL,
  `description` text COLLATE utf8_unicode_ci,
  `value` text COLLATE utf8_unicode_ci,
  `settings` text COLLATE utf8_unicode_ci,
  `created_at` datetime DEFAULT NULL,
  `updated_at` datetime DEFAULT NULL,
  PRIMARY KEY (`id`)
) ENGINE=InnoDB DEFAULT CHARSET=utf8 COLLATE=utf8_unicode_ci;

--
-- Dumping data for table `plugins_contact_forms`
--


--
-- Table structure for table `plugins_order_details`
--

CREATE TABLE `plugins_order_details` (
  `id` int(11) NOT NULL AUTO_INCREMENT,
  `order_id` int(11) DEFAULT NULL,
  `customer` varchar(255) COLLATE utf8_unicode_ci DEFAULT NULL,
  `email` varchar(255) COLLATE utf8_unicode_ci DEFAULT NULL,
  `phone` varchar(255) COLLATE utf8_unicode_ci DEFAULT NULL,
  `received_at` datetime DEFAULT NULL,
  `accepted_at` datetime DEFAULT NULL,
  `shipped_at` datetime DEFAULT NULL,
  `closed_at` datetime DEFAULT NULL,
  `created_at` datetime DEFAULT NULL,
  `updated_at` datetime DEFAULT NULL,
  PRIMARY KEY (`id`)
) ENGINE=InnoDB AUTO_INCREMENT=12 DEFAULT CHARSET=utf8 COLLATE=utf8_unicode_ci;

--
-- Dumping data for table `plugins_order_details`
--

INSERT INTO `plugins_order_details` VALUES (1,201,'Edward Huai','edhuai@gmail.com','15164131779','2016-01-06 16:12:27',NULL,NULL,NULL,'2016-01-06 16:12:27','2016-01-06 16:12:27'),(2,205,'Edward Huai','edhuai@gmail.com','15164131779','2016-01-15 21:43:17',NULL,NULL,NULL,'2016-01-15 21:43:17','2016-01-15 21:43:17'),(3,208,'Edward Huai','edhuai@gmail.com','15164131779','2016-01-15 22:13:00',NULL,NULL,NULL,'2016-01-15 22:13:00','2016-01-15 22:13:00'),(4,210,'Edward Huai','edhuai@gmail.com','15164131779','2016-01-15 22:15:28',NULL,NULL,NULL,'2016-01-15 22:15:28','2016-01-15 22:15:28'),(5,212,'Edward Huai','edhuai@gmail.com','15164131779','2016-01-15 22:18:24',NULL,NULL,NULL,'2016-01-15 22:18:24','2016-01-15 22:18:24'),(6,214,'Eddie','edward.huai@flyby.co','5166211231','2016-01-15 22:20:51',NULL,NULL,NULL,'2016-01-15 22:20:51','2016-01-15 22:20:51'),(7,216,'Ramesh Srinivasan','ramesh.aconnexion@gmail.com','123456','2016-01-18 03:19:09',NULL,NULL,NULL,'2016-01-18 03:19:09','2016-01-18 03:19:09'),(8,223,'Edhhfjh','djejej@gmail.com','5164131779','2016-01-18 22:52:26',NULL,NULL,NULL,'2016-01-18 22:52:26','2016-01-18 22:52:26'),(9,225,'Edhhfjh','djejej@gmail.com','5164131779','2016-01-18 22:54:09',NULL,NULL,NULL,'2016-01-18 22:54:09','2016-01-18 22:54:09'),(10,227,'Edhhfjh','djejej@gmail.com','5164131779','2016-01-18 22:54:30',NULL,NULL,NULL,'2016-01-18 22:54:30','2016-01-18 22:54:30'),(11,229,'Edward Huai','edhuai@gmail.com','15164131779','2016-01-19 01:33:04',NULL,NULL,NULL,'2016-01-19 01:33:04','2016-01-19 01:33:04');

--
-- Table structure for table `plugins_reviews`
--

CREATE TABLE `plugins_reviews` (
  `id` int(11) NOT NULL AUTO_INCREMENT,
  `title` varchar(255) COLLATE utf8_unicode_ci DEFAULT NULL,
  `description` text COLLATE utf8_unicode_ci,
  `overall` decimal(10,0) DEFAULT NULL,
  `quality` int(11) DEFAULT NULL,
  `value` int(11) DEFAULT NULL,
  `customer_service` int(11) DEFAULT NULL,
  `convenience` int(11) DEFAULT NULL,
  `user_id` int(11) DEFAULT NULL,
  `product_id` int(11) DEFAULT NULL,
  `created_at` datetime DEFAULT NULL,
  `updated_at` datetime DEFAULT NULL,
  PRIMARY KEY (`id`)
) ENGINE=InnoDB DEFAULT CHARSET=utf8 COLLATE=utf8_unicode_ci;

--
-- Dumping data for table `plugins_reviews`
--


--
-- Table structure for table `schema_migrations`
--

CREATE TABLE `schema_migrations` (
  `version` varchar(255) COLLATE utf8_unicode_ci NOT NULL,
  UNIQUE KEY `unique_schema_migrations` (`version`)
) ENGINE=InnoDB DEFAULT CHARSET=utf8 COLLATE=utf8_unicode_ci;

--
-- Dumping data for table `schema_migrations`
--

INSERT INTO `schema_migrations` VALUES ('20150611161134'),('20150926095310');


